{"id":1061,"date":"2018-08-24T11:53:24","date_gmt":"2018-08-24T09:53:24","guid":{"rendered":"https:\/\/mazet-st-voy.com\/?page_id=1061"},"modified":"2024-01-15T16:43:49","modified_gmt":"2024-01-15T15:43:49","slug":"la-halle-fermiere","status":"publish","type":"page","link":"https:\/\/mazet-st-voy.com\/?page_id=1061","title":{"rendered":"La Halle Fermi\u00e8re"},"content":{"rendered":"\n<h1 style=\"text-align: left;\"><span style=\"text-decoration: underline; color: #db0766;\">LA HALLE FERMI\u00c8RE et OFFICE DU TOURISME<\/span><\/h1>\n<h3 style=\"text-align: justify;\">Boutique de produits du terroir de Haute-Loire et artisanat local<\/h3>\n<p style=\"text-align: justify;\">Tout le savoir-faire du territoire est repr\u00e9sent\u00e9 avec&nbsp;: charcuteries, fromages, confitures, miels, liqueurs, vins, foie gras, escargots, autruches, ch\u00e2taignes, \u2026 ainsi que la poterie, la lave \u00e9maill\u00e9e, le cuir, le bois, la photographie, \u2026<\/p>\n<p style=\"text-align: justify;\">La Halle Fermi\u00e8re est ouverte toute l&rsquo;ann\u00e9e.<\/p>\n<h4 style=\"text-align: center;\"><span style=\"color: #db0766;\">Horaires d\u2019ouverture :<\/span><\/h4>\n<ul>\n<li style=\"text-align: center;\">les <strong>mercredis, jeudis, vendredis et samedis<\/strong> <strong>toute l\u2019ann\u00e9e<\/strong> de 9h30 \u00e0 18h30 &nbsp;<strong>non stop<\/strong> &nbsp;<\/li>\n<li style=\"text-align: center;\">et les <strong>dimanches<\/strong> de 9h30 \u00e0 13h du week-end de P\u00e2ques au 30 septembre.<\/li>\n<li style=\"text-align: center;\">Fermeture les lundis et mardis<\/li>\n<\/ul>\n<h4><span style=\"text-decoration: underline; color: #db0766;\">CONTACT :&nbsp;<\/span><\/h4>\n<p style=\"text-align: justify;\">Place des Droits de l\u2019Homme \u2013 43520 Le Mazet-Saint-Voy<br><strong>T\u00e9l. 04 71 66 06 48&nbsp; &#8211;&nbsp; Email : hallefermiere.43@gmail.com<br><\/strong><\/p>\n<p>&nbsp;<\/p>\n\n<p>&nbsp;<\/p>\n","protected":false},"excerpt":{"rendered":"<p>LA HALLE FERMI\u00c8RE et OFFICE DU TOURISME Boutique de produits du terroir de Haute-Loire et artisanat local Tout le savoir-faire du territoire est repr\u00e9sent\u00e9 avec&nbsp;: charcuteries, fromages, confitures, miels, liqueurs, vins, foie gras, escargots, autruches, ch\u00e2taignes, \u2026 ainsi que la poterie, la lave \u00e9maill\u00e9e, le cuir, le bois, la photographie, \u2026 La Halle Fermi\u00e8re est [&hellip;]<\/p>\n","protected":false},"author":1,"featured_media":0,"parent":0,"menu_order":0,"comment_status":"closed","ping_status":"closed","template":"","meta":{"ngg_post_thumbnail":0,"footnotes":""},"class_list":["post-1061","page","type-page","status-publish","hentry","entry"],"aioseo_notices":[],"jetpack_shortlink":"https:\/\/wp.me\/PadW9w-h7","jetpack_sharing_enabled":true,"jetpack-related-posts":[{"id":1069,"url":"https:\/\/mazet-st-voy.com\/?page_id=1069","url_meta":{"origin":1061,"position":0},"title":"Le Jardin Botanique et Mus\u00e9e des outils agricoles anciens","author":"admin9404","date":"24 ao\u00fbt 2018","format":false,"excerpt":"LE JARDIN BOTANIQUE et MUS\u00c9E DES OUTILS AGRICOLES ANCIENS\u00a0 Acc\u00e8s par : Place des droits de l\u2019Homme \u00e0 c\u00f4t\u00e9 de la Halle Fermi\u00e8re. Pour tous et gratuit. C\u2019est en 1987 qu\u2019a \u00e9t\u00e9 cr\u00e9\u00e9 le Jardin botanique, sur un terrain communal inutilis\u00e9 de 1,7 hectare. Ce terrain situ\u00e9 au centre du\u2026","rel":"","context":"Article similaire","block_context":{"text":"Article similaire","link":""},"img":{"alt_text":"","src":"","width":0,"height":0},"classes":[]},{"id":8,"url":"https:\/\/mazet-st-voy.com\/?page_id=8","url_meta":{"origin":1061,"position":1},"title":"le Village et son territoire","author":"admin9404","date":"16 ao\u00fbt 2018","format":false,"excerpt":"LE MAZET SAINT-VOY Altitude moyenne\u00a0: 1 000 m - Population\u00a0: 1\u00a0150 habitants \u00a0 \u00a0 \u00a0 \u00a0 \u00a0 \u00a0 \u00a0NOUS \u00a0SITUER Habit\u00e9 d\u00e8s la pr\u00e9histoire comme en t\u00e9moignent divers vestiges (dolmens, menhirs, pierre \u00e0 cuvette, silex de la route de Surnette), son territoire domin\u00e9 par la ligne volcanique bleue du Lizieux\u2026","rel":"","context":"Article similaire","block_context":{"text":"Article similaire","link":""},"img":{"alt_text":"","src":"","width":0,"height":0},"classes":[]},{"id":22,"url":"https:\/\/mazet-st-voy.com\/?page_id=22","url_meta":{"origin":1061,"position":2},"title":"\u00c9conomie","author":"admin9404","date":"16 ao\u00fbt 2018","format":false,"excerpt":"L'\u00c9CONOMIE Bien qu'elle conserve son caract\u00e8re rural dans un cadre naturel pr\u00e9serv\u00e9, la Commune du Mazet poss\u00e8de une \u00e9conomie diversifi\u00e9e. Autrefois essentiellement agricole, l'activit\u00e9 couvre d\u00e9sormais plusieurs domaines qui alimentent l'emploi local. \u00c0 elles seules, trois entreprises, de m\u00e9canique g\u00e9n\u00e9rale, d'\u00e9lectronique et de construction bois comptent pr\u00e8s de cent collaborateurs.\u2026","rel":"","context":"Article similaire","block_context":{"text":"Article similaire","link":""},"img":{"alt_text":"","src":"https:\/\/i0.wp.com\/mazet-st-voy.com\/wp-content\/uploads\/2023\/04\/garage-LB-scaled.jpg?resize=350%2C200&ssl=1","width":350,"height":200,"srcset":"https:\/\/i0.wp.com\/mazet-st-voy.com\/wp-content\/uploads\/2023\/04\/garage-LB-scaled.jpg?resize=350%2C200&ssl=1 1x, https:\/\/i0.wp.com\/mazet-st-voy.com\/wp-content\/uploads\/2023\/04\/garage-LB-scaled.jpg?resize=525%2C300&ssl=1 1.5x, https:\/\/i0.wp.com\/mazet-st-voy.com\/wp-content\/uploads\/2023\/04\/garage-LB-scaled.jpg?resize=700%2C400&ssl=1 2x, https:\/\/i0.wp.com\/mazet-st-voy.com\/wp-content\/uploads\/2023\/04\/garage-LB-scaled.jpg?resize=1050%2C600&ssl=1 3x, https:\/\/i0.wp.com\/mazet-st-voy.com\/wp-content\/uploads\/2023\/04\/garage-LB-scaled.jpg?resize=1400%2C800&ssl=1 4x"},"classes":[]},{"id":707,"url":"https:\/\/mazet-st-voy.com\/?page_id=707","url_meta":{"origin":1061,"position":3},"title":"Vie pratique \/ N\u00b0 utiles","author":"admin9404","date":"22 ao\u00fbt 2018","format":false,"excerpt":"VIE PRATIQUE \/ N\u00b0 UTILES Office du Tourisme : 04 71\u00a065 07 32 lemazet@ot-hautlignon.com \u00a0 \u00a0www.ot-hautlignon.com Biblioth\u00e8que municipale : \u00a0 \u00a0 \u00a0 \u00a0\u00a0 04 71 65 09 10 mercredi : \u00a014 h - 18 h. jeudi : \u00a010 h - 12 h. vendredi : 15 h - 18 h. samedi\u2026","rel":"","context":"Article similaire","block_context":{"text":"Article similaire","link":""},"img":{"alt_text":"","src":"","width":0,"height":0},"classes":[]},{"id":12,"url":"https:\/\/mazet-st-voy.com\/?page_id=12","url_meta":{"origin":1061,"position":4},"title":"Agriculture","author":"admin9404","date":"16 ao\u00fbt 2018","format":false,"excerpt":"L'AGRICULTURE D'une production essentiellement laiti\u00e8re, l'activit\u00e9 agricole, encore bien vivante dans notre commune de 4502 hectares, a \u00e9volu\u00e9 pour adapter son offre \u00e0 la demande des consommateurs.\u00a0 Les exploitations se sont tourn\u00e9es vers la production de viande, les fruits rouges, le miel et la transformation fromag\u00e8re.\u00a0 Quelques unes pratiquent la\u2026","rel":"","context":"Article similaire","block_context":{"text":"Article similaire","link":""},"img":{"alt_text":"Rucher de St Voy","src":"https:\/\/i0.wp.com\/mazet-st-voy.com\/wp-content\/uploads\/2023\/05\/IMG-20230313-WA0005-copie.jpg?resize=350%2C200&ssl=1","width":350,"height":200,"srcset":"https:\/\/i0.wp.com\/mazet-st-voy.com\/wp-content\/uploads\/2023\/05\/IMG-20230313-WA0005-copie.jpg?resize=350%2C200&ssl=1 1x, https:\/\/i0.wp.com\/mazet-st-voy.com\/wp-content\/uploads\/2023\/05\/IMG-20230313-WA0005-copie.jpg?resize=525%2C300&ssl=1 1.5x, https:\/\/i0.wp.com\/mazet-st-voy.com\/wp-content\/uploads\/2023\/05\/IMG-20230313-WA0005-copie.jpg?resize=700%2C400&ssl=1 2x"},"classes":[]},{"id":1420,"url":"https:\/\/mazet-st-voy.com\/?page_id=1420","url_meta":{"origin":1061,"position":5},"title":"Sport","author":"admin9404","date":"31 ao\u00fbt 2018","format":false,"excerpt":"BOULE LYONNAISE\u00a0 Amicale des Boulistes\u00a0- \u00a0Pr\u00e9sident :\u00a0Thierry COURT - La Scie de Vacheresse - 43520 Le Mazet-St-Voy 5 Jeux de plein air au Bruas La boule amicale - Buvette - Tel : 04 71 65 01 13 Boulodrome intercommunal (Ouvert de Novembre \u00e0 Avril) :\u00a04 jeux couverts, Zone artisanale -\u2026","rel":"","context":"Article similaire","block_context":{"text":"Article similaire","link":""},"img":{"alt_text":"","src":"https:\/\/i0.wp.com\/mazet-st-voy.com\/wp-content\/uploads\/2018\/09\/Boulodrome.png?resize=350%2C200&ssl=1","width":350,"height":200,"srcset":"https:\/\/i0.wp.com\/mazet-st-voy.com\/wp-content\/uploads\/2018\/09\/Boulodrome.png?resize=350%2C200&ssl=1 1x, https:\/\/i0.wp.com\/mazet-st-voy.com\/wp-content\/uploads\/2018\/09\/Boulodrome.png?resize=525%2C300&ssl=1 1.5x, https:\/\/i0.wp.com\/mazet-st-voy.com\/wp-content\/uploads\/2018\/09\/Boulodrome.png?resize=700%2C400&ssl=1 2x, https:\/\/i0.wp.com\/mazet-st-voy.com\/wp-content\/uploads\/2018\/09\/Boulodrome.png?resize=1050%2C600&ssl=1 3x, https:\/\/i0.wp.com\/mazet-st-voy.com\/wp-content\/uploads\/2018\/09\/Boulodrome.png?resize=1400%2C800&ssl=1 4x"},"classes":[]}],"_links":{"self":[{"href":"https:\/\/mazet-st-voy.com\/index.php?rest_route=\/wp\/v2\/pages\/1061","targetHints":{"allow":["GET"]}}],"collection":[{"href":"https:\/\/mazet-st-voy.com\/index.php?rest_route=\/wp\/v2\/pages"}],"about":[{"href":"https:\/\/mazet-st-voy.com\/index.php?rest_route=\/wp\/v2\/types\/page"}],"author":[{"embeddable":true,"href":"https:\/\/mazet-st-voy.com\/index.php?rest_route=\/wp\/v2\/users\/1"}],"replies":[{"embeddable":true,"href":"https:\/\/mazet-st-voy.com\/index.php?rest_route=%2Fwp%2Fv2%2Fcomments&post=1061"}],"version-history":[{"count":26,"href":"https:\/\/mazet-st-voy.com\/index.php?rest_route=\/wp\/v2\/pages\/1061\/revisions"}],"predecessor-version":[{"id":3509,"href":"https:\/\/mazet-st-voy.com\/index.php?rest_route=\/wp\/v2\/pages\/1061\/revisions\/3509"}],"wp:attachment":[{"href":"https:\/\/mazet-st-voy.com\/index.php?rest_route=%2Fwp%2Fv2%2Fmedia&parent=1061"}],"curies":[{"name":"wp","href":"https:\/\/api.w.org\/{rel}","templated":true}]}}

La Halle Fermière

<h1 style="text-align: left;"><span style="text-decoration: underline; color: #db0766;">LA HALLE FERMIÈRE et OFFICE DU TOURISME</span></h1>
<h3 style="text-align: justify;">Boutique de produits du terroir de Haute-Loire et artisanat local</h3>
<p style="text-align: justify;">Tout le savoir-faire du territoire est représenté avec&nbsp;: charcuteries, fromages, confitures, miels, liqueurs, vins, foie gras, escargots, autruches, châtaignes, … ainsi que la poterie, la lave émaillée, le cuir, le bois, la photographie, …</p>
<p style="text-align: justify;">La Halle Fermière est ouverte toute l&rsquo;année.</p>
<h4 style="text-align: center;"><span style="color: #db0766;">Horaires d’ouverture :</span></h4>
<ul>
<li style="text-align: center;">les <strong>mercredis, jeudis, vendredis et samedis</strong> <strong>toute l’année</strong> de 9h30 à 18h30 &nbsp;<strong>non stop</strong> &nbsp;</li>
<li style="text-align: center;">et les <strong>dimanches</strong> de 9h30 à 13h du week-end de Pâques au 30 septembre.</li>
<li style="text-align: center;">Fermeture les lundis et mardis</li>
</ul>
<h4><span style="text-decoration: underline; color: #db0766;">CONTACT :&nbsp;</span></h4>
<p style="text-align: justify;">Place des Droits de l’Homme – 43520 Le Mazet-Saint-Voy<br><strong>Tél. 04 71 66 06 48&nbsp; &#8211;&nbsp; Email : hallefermiere.43@gmail.com<br></strong></p>
<p>&nbsp;</p>

<p>&nbsp;</p>

<p>LA HALLE FERMIÈRE et OFFICE DU TOURISME Boutique de produits du terroir de Haute-Loire et artisanat local Tout le savoir-faire du territoire est représenté avec&nbsp;: charcuteries, fromages, confitures, miels, liqueurs, vins, foie gras, escargots, autruches, châtaignes, … ainsi que la poterie, la lave émaillée, le cuir, le bois, la photographie, … La Halle Fermière est [&hellip;]</p>

Le Jardin Botanique et Musée des outils agricoles anciens

24 août 2018

LE JARDIN BOTANIQUE et MUSÉE DES OUTILS AGRICOLES ANCIENS  Accès par : Place des droits de l’Homme à côté de la Halle Fermière. Pour tous et gratuit. C’est en 1987 qu’a été créé le Jardin botanique, sur un terrain communal inutilisé de 1,7 hectare. Ce terrain situé au centre du…

16 août 2018

LE MAZET SAINT-VOY Altitude moyenne : 1 000 m - Population : 1 150 habitants              NOUS  SITUER Habité dès la préhistoire comme en témoignent divers vestiges (dolmens, menhirs, pierre à cuvette, silex de la route de Surnette), son territoire dominé par la ligne volcanique bleue du Lizieux…

Économie

L'ÉCONOMIE Bien qu'elle conserve son caractère rural dans un cadre naturel préservé, la Commune du Mazet possède une économie diversifiée. Autrefois essentiellement agricole, l'activité couvre désormais plusieurs domaines qui alimentent l'emploi local. À elles seules, trois entreprises, de mécanique générale, d'électronique et de construction bois comptent près de cent collaborateurs.…

22 août 2018

VIE PRATIQUE / N° UTILES Office du Tourisme : 04 71 65 07 32 lemazet@ot-hautlignon.com    www.ot-hautlignon.com Bibliothèque municipale :          04 71 65 09 10 mercredi :  14 h - 18 h. jeudi :  10 h - 12 h. vendredi : 15 h - 18 h. samedi…

L'AGRICULTURE D'une production essentiellement laitière, l'activité agricole, encore bien vivante dans notre commune de 4502 hectares, a évolué pour adapter son offre à la demande des consommateurs.  Les exploitations se sont tournées vers la production de viande, les fruits rouges, le miel et la transformation fromagère.  Quelques unes pratiquent la…

31 août 2018

BOULE LYONNAISE  Amicale des Boulistes -  Président : Thierry COURT - La Scie de Vacheresse - 43520 Le Mazet-St-Voy 5 Jeux de plein air au Bruas La boule amicale - Buvette - Tel : 04 71 65 01 13 Boulodrome intercommunal (Ouvert de Novembre à Avril) : 4 jeux couverts, Zone artisanale -…
