{"id":1129,"date":"2018-08-27T09:36:46","date_gmt":"2018-08-27T07:36:46","guid":{"rendered":"https:\/\/mazet-st-voy.com\/?page_id=1129"},"modified":"2021-06-18T15:40:11","modified_gmt":"2021-06-18T13:40:11","slug":"activites","status":"publish","type":"page","link":"https:\/\/mazet-st-voy.com\/?page_id=1129","title":{"rendered":"Activit\u00e9s"},"content":{"rendered":"<h1><span style=\"text-decoration: underline; color: #d90944;\"><span style=\"color: #db0766; text-decoration: underline;\">OFFICE DE TOURISME DU HAUT-LIGNON<\/span>&nbsp;<\/span><\/h1>\n<p style=\"text-align: justify;\">En toutes saisons la r\u00e9gion offre une multitude d&rsquo;activit\u00e9s culturelles (expositions, ateliers, concerts, festivals&#8230;) et sportives (randonn\u00e9es, VTT, cheval, sports m\u00e9caniques, escalade, p\u00eache, tennis, parcours aventures, neige, golf, paintball,&#8230;)<\/p>\n<ul>\n<li style=\"text-align: justify;\">Place des Droits de l&rsquo;Homme &#8211; 43 520 Le Mazet-St-Voy<\/li>\n<li style=\"text-align: justify;\"><span style=\"color: #db0766;\"><strong>T\u00e9l : 04 71<span style=\"color: #db0766;\"> 65 07 3<\/span>2<\/strong><\/span><\/li>\n<li style=\"text-align: justify;\"><a href=\"mailto:lemazet@ot-hautlignon.com\"><span style=\"color: #d90966;\">lemazet@ot-hautlignon.com<\/span><\/a><\/li>\n<li><a href=\"https:\/\/mazet-st-voy.com\/wp-content\/uploads\/2021\/06\/Guide-ete-du-hautlignon.pdf\">Guide de <\/a><a href=\"https:\/\/mazet-st-voy.com\/wp-content\/uploads\/2021\/06\/Guide-ete-du-hautlignon.pdf\">l&rsquo;\u00e9t\u00e9 2021<\/a><\/li>\n<\/ul>\n<p style=\"text-align: right;\">Retrouvez toutes les informations <span style=\"color: #e00975;\"><a style=\"color: #e00975;\" href=\"http:\/\/www.office-tourisme-haut-lignon.com\">s<span style=\"color: #d90966;\">ur le site internet<\/span><\/a><span style=\"color: #d90966;\">&nbsp;<\/span><\/span><\/p>\n<p style=\"text-align: center;\"><strong><span style=\"color: #db0766;\"><a style=\"color: #db0766;\" href=\"https:\/\/mazet-st-voy.com\/?page_id=1420\">VOIR LE SPORT AU MAZET<\/a><\/span><\/strong><\/p>\n<p>&nbsp;<\/p>\n<h1><span style=\"text-decoration: underline; color: #db0766;\">RANDONN\u00c9ES ET D\u00c9COUVERTES DES HAMEAUX ET SITES PARTICULIERS<\/span><\/h1>\n<p style=\"text-align: justify;\">\u00c0 pied, en v\u00e9lo, en VTT, ou \u00e0 cheval si le c\u0153ur vous en dit\u2026.des itin\u00e9raires de randonn\u00e9es sont disponibles \u00e0 l\u2019office de tourisme, mais nous vous aiguillons en photos vers quelques lieux remarquables de notre commune.<\/p>\n<p style=\"text-align: justify;\">Les hameaux sont en pierre granitique sur le bas de la commune, alors qu\u2019en haut c\u2019est la pierre noire volcanique qui domine.<\/p>\n<p style=\"text-align: justify;\">Des ruisseaux, des \u00e9tangs, des rivi\u00e8res o\u00f9 l\u2019on se baigne&nbsp;; et tout \u00e7a au milieu de for\u00eats et de prairies vallonn\u00e9es et fleuries magnifiques.<\/p>\n<p style=\"text-align: center;\"><span style=\"color: #d90966;\"><a style=\"color: #d90966;\" href=\"http:\/\/www.randoduhautlignon.fr\/\">Un club dynamique de randonn\u00e9e&nbsp;<\/a><\/span><\/p>\nngg_shortcode_0_placeholder\n<h1>&nbsp;<\/h1>\n<h1><span style=\"text-decoration: underline; color: #db0766;\">ID\u00c9ES D&rsquo;EXCURSIONS<\/span><\/h1>\n<p style=\"text-align: justify;\">Quelques id\u00e9es au d\u00e9part du MAZET. Descriptifs d\u00e9taill\u00e9s \u00e0 l&rsquo;<span style=\"color: #db0766;\"><a style=\"color: #db0766;\" href=\"http:\/\/www.office-tourisme-haut-lignon.com\"><strong>Office de Tourisme du Haut Lignon.<\/strong><\/a><\/span><\/p>\n<h5 style=\"text-align: justify;\"><span style=\"font-size: 12pt;\">Balades \u00e0 la demi-journ\u00e9e<\/span><\/h5>\n<ul>\n<li style=\"text-align: justify;\"><span style=\"color: #db0766;\"><strong>LE PIC LIZIEUX&nbsp;<\/strong>: <\/span>Partez \u00e0 l&rsquo;ascension de ce d\u00f4me issu d&rsquo;une ancienne coul\u00e9e de lave volcanique. La table d&rsquo;orientation du Lizieux \u00e0 <strong>1 388m<\/strong>.&nbsp;<strong>Circuit&nbsp;PR 33, balade de 4h15, 13,5 km<\/strong> au d\u00e9part de l\u2019\u00e9glise Saint-Voy. Se munir de la fiche descriptive \u00e0 l\u2019office de tourisme.<\/li>\n<li style=\"text-align: justify;\"><span style=\"color: #db0766;\"><strong>LE MEZENC <\/strong><\/span>: Le lion des C\u00e9vennes, massif culminant \u00e0 <strong>1 754 m<\/strong>. Belv\u00e9d\u00e8re sur la vall\u00e9e du Rh\u00f4ne. Acc\u00e8s par une pittoresque route touristique. Ascension assez facile. Excursion recommand\u00e9e aux amateurs de faune (rapaces) et de flore de montagne. <strong>60 km. 2 heures.&nbsp;&nbsp;&nbsp;&nbsp;<\/strong><\/li>\n<li style=\"text-align: justify;\"><span style=\"color: #db0766;\"><strong>LE MONASTIER<\/strong> :<\/span> Village typique du Velay. Acc\u00e8s par la travers\u00e9e des hauts plateaux. Chaumi\u00e8res et paysages de grands espaces. <strong>90 km<\/strong>.<strong> 4 heures.<\/strong><\/li>\n<li style=\"text-align: justify;\"><span style=\"color: #db0766;\"><strong>LE MEYGAL<\/strong> :<\/span> Sous la fra\u00eecheur des grands sapins de la for\u00eat domaniale, avec la Clairi\u00e8re des Copains rendue c\u00e9l\u00e8bre par Jules Romains. D\u00e9tour pittoresque par Yssingeaux.<strong> 49 km. 2 heures.<\/strong><\/li>\n<li style=\"text-align: justify;\"><span style=\"color: #db0766;\"><strong>LE TOUR DU B<span style=\"color: #db0766;\">ARRAGE<\/span><\/strong> <\/span>: Sortie insolite par de petites routes. Suivre le cours du Lignon jusqu&rsquo;au barrage de Lavalette. Vous d\u00e9couvrirez des curiosit\u00e9s telles que le mus\u00e9e contemporain de Versilhac, la Chapelle des P\u00e9nitents ou le petit train touristique. <strong>52 km. 2 heures.<\/strong><\/li>\n<\/ul>\n<h5 style=\"text-align: center;\"><span style=\"font-size: 12pt;\">Balades \u00e0 la journ\u00e9e<\/span><\/h5>\n<ul>\n<li><span style=\"color: #db0766;\"><strong> <a style=\"color: #db0766;\" href=\"http:\/\/www.mairie-le-puy-en-velay.fr\">LE PUY-EN-VELAY <\/a><\/strong>:<\/span> La journ\u00e9e suffit \u00e0 peine pour tout voir. Partir t\u00f4t. Trajet Le Mazet &#8211; Le Puy :<strong> 40 minutes<\/strong>. Au retour, admirer le coucher de soleil sur le site de Saint-Julien-Chapteuil.<strong> Circuit de 92 km<\/strong>.<\/li>\n<li><span style=\"color: #db0766;\"><strong>AUX SOURCES DE LA LOIRE<\/strong> :<\/span> Le Mont Gerbier de Jonc. <strong>Circuit de<\/strong> <strong>120 km.<\/strong><\/li>\n<\/ul>\n<p>S&rsquo;il vous reste du temps:&nbsp;<span style=\"color: #db0766;\">L&rsquo;abbaye de la Chaise-Dieu,<\/span>&nbsp;<span style=\"color: #db0766;\">La vall\u00e9e de la Loire, etc.<\/span><strong><em>&#8230;mais vous reviendrez !<\/em><\/strong><\/p>\n<p>&nbsp;<\/p>\n<h1><\/h1>\n<p>&nbsp;<\/p>\n","protected":false},"excerpt":{"rendered":"<p>OFFICE DE TOURISME DU HAUT-LIGNON&nbsp; En toutes saisons la r\u00e9gion offre une multitude d&rsquo;activit\u00e9s culturelles (expositions, ateliers, concerts, festivals&#8230;) et sportives (randonn\u00e9es, VTT, cheval, sports m\u00e9caniques, escalade, p\u00eache, tennis, parcours aventures, neige, golf, paintball,&#8230;) Place des Droits de l&rsquo;Homme &#8211; 43 520 Le Mazet-St-Voy T\u00e9l : 04 71 65 07 32 lemazet@ot-hautlignon.com Guide de l&rsquo;\u00e9t\u00e9 [&hellip;]<\/p>\n","protected":false},"author":1,"featured_media":0,"parent":0,"menu_order":0,"comment_status":"closed","ping_status":"closed","template":"","meta":{"ngg_post_thumbnail":0,"footnotes":""},"class_list":["post-1129","page","type-page","status-publish","hentry","entry"],"aioseo_notices":[],"jetpack_shortlink":"https:\/\/wp.me\/PadW9w-id","jetpack_sharing_enabled":true,"jetpack-related-posts":[],"_links":{"self":[{"href":"https:\/\/mazet-st-voy.com\/index.php?rest_route=\/wp\/v2\/pages\/1129","targetHints":{"allow":["GET"]}}],"collection":[{"href":"https:\/\/mazet-st-voy.com\/index.php?rest_route=\/wp\/v2\/pages"}],"about":[{"href":"https:\/\/mazet-st-voy.com\/index.php?rest_route=\/wp\/v2\/types\/page"}],"author":[{"embeddable":true,"href":"https:\/\/mazet-st-voy.com\/index.php?rest_route=\/wp\/v2\/users\/1"}],"replies":[{"embeddable":true,"href":"https:\/\/mazet-st-voy.com\/index.php?rest_route=%2Fwp%2Fv2%2Fcomments&post=1129"}],"version-history":[{"count":34,"href":"https:\/\/mazet-st-voy.com\/index.php?rest_route=\/wp\/v2\/pages\/1129\/revisions"}],"predecessor-version":[{"id":3055,"href":"https:\/\/mazet-st-voy.com\/index.php?rest_route=\/wp\/v2\/pages\/1129\/revisions\/3055"}],"wp:attachment":[{"href":"https:\/\/mazet-st-voy.com\/index.php?rest_route=%2Fwp%2Fv2%2Fmedia&parent=1129"}],"curies":[{"name":"wp","href":"https:\/\/api.w.org\/{rel}","templated":true}]}}