{"id":12,"date":"2018-08-16T09:31:45","date_gmt":"2018-08-16T07:31:45","guid":{"rendered":"http:\/\/mazet-st-voy.com\/?page_id=12"},"modified":"2026-05-01T22:02:55","modified_gmt":"2026-05-01T20:02:55","slug":"agriculture","status":"publish","type":"page","link":"https:\/\/mazet-st-voy.com\/?page_id=12","title":{"rendered":"Agriculture"},"content":{"rendered":"<h1 style=\"text-align: justify;\"><span style=\"text-decoration: underline; color: #d90966;\">L&rsquo;AGRICULTURE<\/span><\/h1>\n<p style=\"text-align: justify;\">D&rsquo;une production essentiellement laiti\u00e8re, l&rsquo;activit\u00e9 agricole, encore bien vivante dans notre commune de <strong>4502 hectares<\/strong>, a \u00e9volu\u00e9 pour adapter son offre \u00e0 la demande des consommateurs.&nbsp;<\/p>\n<p style=\"text-align: justify;\">Les exploitations se sont tourn\u00e9es vers la production <strong>de viande, de fruits rouges, de miel, de l\u00e9gumes.&nbsp;<\/strong><\/p>\n<p style=\"text-align: justify;\"><strong>Quelques unes pratiquent la vente directe.<\/strong><\/p>\n<p style=\"text-align: justify;\"><span style=\"color: #d90966;\">La situation de moyenne montagne et la nature pr\u00e9serv\u00e9e sont un gage de qualit\u00e9 pour tous les produits.<\/span><\/p>\n<p>&nbsp;<\/p>\n<h1><span style=\"text-decoration: underline; color: #d90966;\">PRODUCTEURS LOCAUX<\/span><\/h1>\n<h2 style=\"text-align: center;\">BRASSERIES<\/h2>\n<table style=\"border-collapse: collapse; width: 100%; height: 181px;\" border=\"1\">\n<tbody>\n<tr style=\"height: 160px;\">\n<td style=\"width: 50%; text-align: center; height: 160px;\"><strong>Brasserie La MAZESTE <\/strong>&nbsp;<\/p>\n<ul>\n<li style=\"text-align: justify;\">2 Chemin de la Vaysse &#8211; 43520 Le Mazet-St-Voy<\/li>\n<li style=\"text-align: justify;\"><span style=\"color: #d90966;\">MIKE ROHNER et MATHIEU HERITIER<\/span><\/li>\n<li style=\"text-align: justify;\"><strong>Tel. : <span style=\"color: #d90966;\">06 87 68 25 38<\/span><\/strong><\/li>\n<li style=\"text-align: justify;\">Email : <span style=\"color: #d90966;\"><a style=\"color: #d90966;\" href=\"brasseriemazeste@gmail.com\" target=\"_blank\" rel=\"noopener\">brasseriemazeste@otmail.com<\/a><\/span><\/li>\n<li style=\"text-align: justify;\"><strong>Bi\u00e8re artisanale, d\u00e9gustation et visite de la brasserie sur RDV.<\/strong><\/li>\n<\/ul>\n<\/td>\n<td style=\"width: 50%; height: 160px;\">&nbsp;<\/td>\n<\/tr>\n<tr>\n<td style=\"width: 50%; text-align: justify;\" colspan=\"2\">Mike et Mathieu utilisent diff\u00e9rentes vari\u00e9t\u00e9s de malt, d\u2019orge ou de bl\u00e9 plus ou moins torr\u00e9fi\u00e9s, des houblons divers pour doser l\u2019amertume et des levures aux notes fruit\u00e9es. En ma\u00eetrisant tous ces param\u00e8tres, ils brassent ainsi dans l\u2019ann\u00e9e environ 2 000 litres de bi\u00e8re d\u00e9clin\u00e9s en blonde, blanche, ambr\u00e9e et IPA.&nbsp;<\/td>\n<\/tr>\n<tr style=\"height: 21px;\">\n<td style=\"width: 50%; height: 21px; text-align: center;\"><strong>Brasserie MANEV&rsquo;ALE<\/strong>&nbsp;&nbsp;&nbsp;<\/p>\n<ul>\n<li style=\"text-align: justify;\">Le Riou &#8211; 43520 Le Mazet-St-Voy<\/li>\n<li style=\"text-align: justify;\"><span style=\"color: #d90966;\">Nicolas MANEVALE<\/span><\/li>\n<li style=\"text-align: justify;\"><strong>Tel. : <span style=\"color: #d90966;\">06 51 59 43 26<\/span><\/strong><\/li>\n<li style=\"text-align: justify;\">Email : <span style=\"color: #d90966;\"><a style=\"color: #d90966;\" href=\"mailto:brasseriemanevale@gmail.com\" target=\"_blank\" rel=\"noopener\">brasseriemanevale@gmail.com<\/a><\/span><\/li>\n<li style=\"text-align: justify;\">Site :&nbsp;<span style=\"color: #d90966;\"><a style=\"color: #d90966;\" href=\"http:\/\/www.brasseriemanevale.com\">www.brasseriemanevale.com<\/a><\/span><\/li>\n<li style=\"text-align: justify;\"><strong>Bi\u00e8re artisanale, d\u00e9gustation et vente directe<\/strong><\/li>\n<\/ul>\n<\/td>\n<td style=\"width: 50%; height: 21px;\">&nbsp;<\/td>\n<\/tr>\n<tr>\n<td style=\"width: 50%; text-align: center;\" colspan=\"2\">\n<p style=\"text-align: justify;\">Apr\u00e8s un voyage au Qu\u00e9bec en 2004 qui marque sa rencontre avec le travail de la bi\u00e8re, une formation agricole et des stages en brasserie pour acqu\u00e9rir le savoir-faire, Nicolas MANEVAL propose depuis 2010, avec passion, une Lize&nbsp;blanche comme une bi\u00e8re d&rsquo;abbaye, blonde et fine, ambr\u00e9e au caract\u00e8re plus marqu\u00e9, ou virilement brune.<\/p>\n<\/td>\n<\/tr>\n<\/tbody>\n<\/table>\n<p>&nbsp;<\/p>\n<h2 style=\"text-align: center;\">FRUITS ROUGES<\/h2>\n<table style=\"border-collapse: collapse; width: 100%; height: 1120px;\" border=\"1\">\n<tbody>\n<tr style=\"height: 237px;\">\n<td style=\"width: 50%; height: 237px;\">\n<p style=\"text-align: center;\"><span style=\"color: #d90966;\"><strong>Bertrand COTTE<\/strong><\/span><\/p>\n<ul>\n<li style=\"text-align: justify;\">Le Moulin de Boyer &nbsp;43520 &#8211;&nbsp;Le Mazet-St-Voy<\/li>\n<li style=\"text-align: justify;\"><strong> T\u00e9l : <span style=\"color: #d90966;\">09 88 18 30 23<\/span><\/strong><\/li>\n<li style=\"text-align: justify;\"><span style=\"color: #d90966;\"><span style=\"color: #000000;\">Mail :<\/span> <a style=\"color: #d90966;\" href=\"mailto:bertrand.cotte@nordnet.fr\" target=\"_blank\" rel=\"noopener\">bertrand.cotte@nordnet.fr<\/a><\/span><\/li>\n<li style=\"text-align: justify;\"><strong>Producteur de fruits rouges : fraises, framboises, groseilles, myrtilles, cassis.<\/strong><\/li>\n<li style=\"text-align: justify;\"><a href=\"http:\/\/www.annuaire-bio.mobi\/operateur\/26563\"><span style=\"color: #d90966;\"><strong><span style=\"color: #d90966;\">Label BIO<\/span><\/strong><\/span><\/a><\/li>\n<\/ul>\n<\/td>\n<td style=\"width: 50%; height: 237px;\">&nbsp;<\/td>\n<\/tr>\n<tr style=\"height: 237px;\">\n<td style=\"width: 50%; height: 237px;\">\n<p style=\"text-align: center;\"><span style=\"color: #d90966;\"><strong>Val\u00e9rie C<span style=\"color: #d90966;\">OUR<\/span>BON<\/strong><\/span><\/p>\n<ul>\n<li style=\"text-align: justify;\">Le Bouchat &nbsp;43520 &#8211; Le Mazet-St-Voy<\/li>\n<li style=\"text-align: justify;\"><strong><span style=\"color: #000000;\"> T\u00e9l :<\/span>&nbsp;<\/strong><\/li>\n<li style=\"text-align: justify;\">Mail : <span style=\"color: #d90966;\"><a style=\"color: #d90966;\" href=\"mailto:valcourbon@sfr.fr\" target=\"_blank\" rel=\"noopener\">valcourbon@sfr.fr<\/a><\/span><\/li>\n<li style=\"text-align: justify;\"><strong>Producteur de fruits rouges : fraises, framboises, groseilles, myrtilles, cassis.<\/strong><\/li>\n<li style=\"text-align: justify;\"><a href=\"http:\/\/www.annuaire-bio.mobi\/operateur\/78955\"><span style=\"color: #d90966;\"><strong>Label BIO<\/strong><\/span><\/a><\/li>\n<\/ul>\n<\/td>\n<td style=\"width: 50%; height: 237px;\">&nbsp;<\/td>\n<\/tr>\n<tr style=\"height: 179px;\">\n<td style=\"width: 50%; height: 179px;\">\n<p style=\"text-align: center;\"><span style=\"color: #d90966;\"><strong>Michel FERRIER<\/strong><\/span><\/p>\n<ul>\n<li style=\"text-align: justify;\">Tirebouras &#8211; 43520 &#8211; Le Mazet-St-Voy<\/li>\n<li style=\"text-align: justify;\"><strong> T\u00e9l : <span style=\"color: #d90966;\">04 71 65 05 66<\/span><\/strong><\/li>\n<li style=\"text-align: justify;\"><strong>Producteur de fruits rouges : fraises, framboises, groseilles, myrtilles, cassis.<\/strong><\/li>\n<\/ul>\n<\/td>\n<td style=\"width: 50%; height: 179px;\">&nbsp;<\/td>\n<\/tr>\n<tr style=\"height: 211px;\">\n<td style=\"width: 50%; height: 211px;\">\n<p style=\"text-align: center;\"><span style=\"color: #d90966;\"><strong>S\u00e9bastien FERRIER<\/strong><\/span><\/p>\n<ul>\n<li style=\"text-align: justify;\">Faurie &#8211; 43520 &#8211; Le Mazet-St-Voy<\/li>\n<li style=\"text-align: justify;\"><strong><span style=\"color: #000000;\"> T\u00e9l :<\/span> <span style=\"color: #d90966;\">O6 72 64 33 48<\/span><\/strong><\/li>\n<li style=\"text-align: justify;\">Mail : <span style=\"color: #d90966;\"><a style=\"color: #d90966;\" href=\"mailto:seb.ferrier@orange.fr\" target=\"_blank\" rel=\"noopener\">seb.ferrier@orange.fr<\/a><\/span><\/li>\n<li style=\"text-align: justify;\"><strong>Producteur de fruits rouges : fraises, framboises, groseilles, myrtilles, cassis.<\/strong><\/li>\n<\/ul>\n<\/td>\n<td style=\"width: 50%; height: 211px;\">&nbsp;<\/td>\n<\/tr>\n<tr style=\"height: 208px;\">\n<td style=\"width: 50%; height: 208px;\">\n<p style=\"text-align: center;\"><span style=\"color: #d90966;\"><strong>Philippe<span style=\"color: #d90966;\"> JACCON<\/span><\/strong><\/span><\/p>\n<ul>\n<li style=\"text-align: justify;\">Mazalibrand &#8211; &nbsp;43520 &#8211; Le Mazet-St-Voy<\/li>\n<li style=\"text-align: justify;\"><strong><span style=\"color: #000000;\"> T\u00e9l :<\/span> <span style=\"color: #d90966;\">04 71 65 07 92<\/span><\/strong><\/li>\n<li style=\"text-align: justify;\">Mail :&nbsp;<\/li>\n<li style=\"text-align: justify;\"><strong>Producteur de fruits rouges : fraises, framboises, groseilles, myrtilles, cassis.<\/strong><\/li>\n<\/ul>\n<\/td>\n<td style=\"width: 50%; height: 208px;\">&nbsp;<\/td>\n<\/tr>\n<tr style=\"height: 48px;\">\n<td style=\"width: 50%; height: 48px;\">\n<p style=\"text-align: center;\"><span style=\"color: #d90966;\"><b>Coraline CAPON-BLANC<\/b><\/span><\/p>\n<ul>\n<li style=\"text-align: justify;\">2 Chemin des Foug\u00e8res &#8211; Lieu dit Mazelgirard &#8211;&nbsp; &nbsp; &nbsp; &nbsp; &nbsp; &nbsp; &nbsp; &nbsp; &nbsp; 43520 &#8211; Le Mazet-St-Voy<\/li>\n<li style=\"text-align: justify;\"><strong><span style=\"color: #000000;\"> T\u00e9l :<\/span> <span style=\"color: #d90966;\">06 10 81 59 13<\/span><\/strong><\/li>\n<li style=\"text-align: justify;\">Mail : contact@ozlagferme.fr<\/li>\n<li style=\"text-align: justify;\"><strong>Producteur de fruits rouges : fraises, framboises, groseilles, myrtilles, cassis.<\/strong><\/li>\n<\/ul>\n<p style=\"text-align: center;\"><span style=\"color: #d90966;\"><strong>&nbsp;<\/strong><\/span><\/p>\n<\/td>\n<td style=\"width: 50%; height: 48px;\">&nbsp;<\/td>\n<\/tr>\n<\/tbody>\n<\/table>\n<h2 style=\"text-align: center;\">&nbsp;<\/h2>\n<p>&nbsp;<\/p>\n<h2 style=\"text-align: center;\">MIEL<\/h2>\n<table style=\"border-collapse: collapse; width: 100%;\" border=\"1\">\n<tbody>\n<tr>\n<td style=\"width: 50%;\">\n<p style=\"text-align: center;\"><span style=\"text-align: left; font-family: inherit; font-size: inherit;\"><b>Au Rucher de St Voy<\/b><\/span><\/p>\n<ul>\n<li style=\"text-align: justify;\"><span style=\"text-align: left; font-family: inherit; font-size: inherit;\">455 Rte de la Pierre Plant\u00e9e &#8211; 43520 Le Mazet-St-Voy<\/span><\/li>\n<li style=\"text-align: justify;\"><span style=\"color: #d90966;\">Jean-R\u00e9mi GUILHOT<\/span><\/li>\n<li style=\"text-align: justify;\"><strong>Tel. : <span style=\"color: #d90966;\">04 71 65 04 82<\/span><\/strong><\/li>\n<li style=\"text-align: justify;\">Email :<span style=\"color: #e60532;\">&nbsp;<a style=\"color: #e60532;\" href=\"rucherdesaintvoy@orange.fr\">rucherdesaintvoy@orange.fr<\/a><\/span><\/li>\n<li>Site:&nbsp;<span style=\"color: #e60532;\"><a style=\"color: #e60532;\" href=\"https:\/\/www.rucherdesaintvoy.com\/\">https:\/\/www.rucherdesaintvoy.com\/<\/a><\/span><\/li>\n<li style=\"text-align: justify;\"><strong>Miellerie et vente directe de miel, &nbsp;pain d\u2019\u00e9pices, nougats, bonbons<\/strong><\/li>\n<li style=\"text-align: justify;\"><span style=\"color: #d90966;\"><a style=\"color: #d90966;\" href=\"http:\/\/annuaire.agencebio.org\/operateur\/33588\"><strong>Label BIO<\/strong><\/a><\/span><\/li>\n<\/ul>\n<\/td>\n<td style=\"width: 50%;\"><img data-recalc-dims=\"1\" loading=\"lazy\" decoding=\"async\" class=\"wp-image-3348 aligncenter\" src=\"https:\/\/i0.wp.com\/mazet-st-voy.com\/wp-content\/uploads\/2023\/05\/IMG-20230313-WA0005-copie.jpg?resize=213%2C283&#038;ssl=1\" alt=\"Rucher de St Voy\" width=\"213\" height=\"283\" srcset=\"https:\/\/i0.wp.com\/mazet-st-voy.com\/wp-content\/uploads\/2023\/05\/IMG-20230313-WA0005-copie.jpg?w=750&amp;ssl=1 750w, https:\/\/i0.wp.com\/mazet-st-voy.com\/wp-content\/uploads\/2023\/05\/IMG-20230313-WA0005-copie.jpg?resize=225%2C300&amp;ssl=1 225w\" sizes=\"auto, (max-width: 213px) 100vw, 213px\" \/><\/td>\n<\/tr>\n<\/tbody>\n<\/table>\n<p>&nbsp;<\/p>\n<h2 style=\"text-align: center;\">VIANDE<\/h2>\n<table style=\"border-collapse: collapse; width: 100%;\" border=\"1\">\n<tbody>\n<tr>\n<td style=\"width: 50%;\">\n<p style=\"text-align: center;\"><span style=\"text-align: left; font-family: inherit; font-size: inherit; color: #d90966;\"><b>Andr\u00e9 RUEL<\/b><\/span><\/p>\n<ul>\n<li style=\"text-align: justify;\"><strong>La Ferme des Ombrages<\/strong><\/li>\n<li style=\"text-align: justify;\"><span style=\"text-align: left; font-family: inherit; font-size: inherit;\">Les Ombrages &#8211; 43520 Le Mazet-St-Voy<\/span><\/li>\n<li style=\"text-align: justify;\"><strong>Tel. :&nbsp;<span style=\"color: #d90966;\">04 71 65 09 98<\/span><\/strong><\/li>\n<li style=\"text-align: justify;\">Email :<\/li>\n<li style=\"text-align: justify;\"><strong>Viande de porc, produits de charcuterie<\/strong><\/li>\n<li style=\"text-align: justify;\"><span style=\"color: #d90966;\">Fermier d&rsquo;Or&nbsp;<\/span><\/li>\n<\/ul>\n<\/td>\n<td style=\"width: 50%;\">&nbsp;<\/td>\n<\/tr>\n<tr>\n<td style=\"width: 50%;\">\n<p style=\"text-align: center;\"><span style=\"text-align: left; font-family: inherit; font-size: inherit; color: #d90966;\"><b>Nicolas R<span style=\"color: #d90966;\">USSIE<\/span>R<\/b><\/span><\/p>\n<ul>\n<li style=\"text-align: justify;\"><strong>Salers et Bol d&rsquo;Air<\/strong><\/li>\n<li style=\"text-align: justify;\"><span style=\"text-align: left; font-family: inherit; font-size: inherit;\">Mazalibrand &#8211; 43520 Le Mazet-St-Voy<\/span><\/li>\n<li style=\"text-align: justify;\"><strong>Tel. : <span style=\"color: #d90966;\">04 71 65 06 16 <span style=\"color: #000000;\">ou<\/span> 06 28 64 64 50<\/span><\/strong><\/li>\n<li style=\"text-align: justify;\">Email :&nbsp;<\/li>\n<li style=\"text-align: justify;\"><strong>Viande de boeuf Salers, visite et d\u00e9gustation sur RDV<\/strong><\/li>\n<\/ul>\n<\/td>\n<td style=\"width: 50%;\">&nbsp;<\/td>\n<\/tr>\n<\/tbody>\n<\/table>\n<p>&nbsp;<\/p>\n<h2 style=\"text-align: center;\">FERME MARAICHERE<\/h2>\n<table style=\"border-collapse: collapse; width: 100%;\" border=\"1\">\n<tbody>\n<tr>\n<td style=\"width: 50%;\">\n<p style=\"text-align: center;\"><span style=\"color: #d90966;\"><b>Les Lucioles du Volamont<\/b><\/span><\/p>\n<ul>\n<li style=\"text-align: justify;\"><span style=\"text-align: left; font-family: inherit; font-size: inherit;\">1379 Rte du M\u00e9zenc &#8211; Lieu dit La Varenne <\/span><\/li>\n<li style=\"text-align: justify;\"><span style=\"text-align: left; font-family: inherit; font-size: inherit;\">43520 Le Mazet-St-Voy<\/span><\/li>\n<\/ul>\n<ul>\n<li style=\"text-align: justify;\"><span style=\"color: #d90966;\">Lucien AUGRY<\/span><\/li>\n<li style=\"text-align: justify;\"><strong>Tel. : <span style=\"color: #d90966;\"> 06 99 42 97 35<\/span><\/strong><\/li>\n<li style=\"text-align: justify;\">Email :<span style=\"color: #e60532;\">&nbsp;<\/span><\/li>\n<\/ul>\n<\/td>\n<td style=\"width: 50%;\">&nbsp;<\/td>\n<\/tr>\n<\/tbody>\n<\/table>\n<p style=\"text-align: center;\"><\/p>\n<h1>&nbsp;<\/h1>\n<h1><span style=\"text-decoration: underline; color: #d90966;\">LA HALLE FERMI\u00c8RE<\/span><\/h1>\n<p style=\"text-align: justify;\"><span style=\"font-family: 'arial black', sans-serif;\"><strong>Les produits du terroir sont dans l&rsquo;air du temps<\/strong><\/span><\/p>\n<p style=\"text-align: justify;\">Et ce n&rsquo;est pas \u00e9tonnant, car c&rsquo;est tellement meilleur de manger, cuisiner soi-m\u00eame ses petits plats, tr\u00e8s gourmand de d\u00e9guster des champignons du terroir, de vrais confitures\u2026 de Haute-Loire en Auvergne.<\/p>\n<p style=\"text-align: justify;\">C&rsquo;est aussi rassurant de se nourrir en ma\u00eetrisant la compl\u00e8te composition des aliments, de se laisser aller avec une liqueur de cistre&#8230; Et outre ces raisons tr\u00e8s rationnelles, s&rsquo;ajoute le plaisir de bien manger !<\/p>\n<p style=\"text-align: justify;\"><a href=\"http:\/\/www.hallefermiere.com\/fr\/\"><span style=\"color: #3366ff;\"><span style=\"color: #f00768;\"><span style=\"color: #d90966;\">VOIR LE SITE INTERNET<\/span><\/span><\/span><\/a><\/p>\n<p style=\"text-align: center;\">&nbsp;<\/p>\n","protected":false},"excerpt":{"rendered":"<p>L&rsquo;AGRICULTURE D&rsquo;une production essentiellement laiti\u00e8re, l&rsquo;activit\u00e9 agricole, encore bien vivante dans notre commune de 4502 hectares, a \u00e9volu\u00e9 pour adapter son offre \u00e0 la demande des consommateurs.&nbsp; Les exploitations se sont tourn\u00e9es vers la production de viande, de fruits rouges, de miel, de l\u00e9gumes.&nbsp; Quelques unes pratiquent la vente directe. La situation de moyenne montagne [&hellip;]<\/p>\n","protected":false},"author":1,"featured_media":0,"parent":0,"menu_order":0,"comment_status":"closed","ping_status":"closed","template":"","meta":{"ngg_post_thumbnail":0,"footnotes":""},"class_list":["post-12","page","type-page","status-publish","hentry","entry"],"aioseo_notices":[],"jetpack_shortlink":"https:\/\/wp.me\/PadW9w-c","jetpack_sharing_enabled":true,"jetpack-related-posts":[{"id":802,"url":"https:\/\/mazet-st-voy.com\/?page_id=802","url_meta":{"origin":12,"position":0},"title":"Cantine et Garderie","author":"admin9404","date":"22 ao\u00fbt 2018","format":false,"excerpt":"LA CANTINE DU VILLAGE La cantine du Mazet est install\u00e9e dans la r\u00e9sidence du Lizieux depuis une vingtaine d\u2019ann\u00e9es. elle a un fonctionnement interg\u00e9n\u00e9rationnel c'est-\u00e0-dire que mangent dans la m\u00eame pi\u00e8ce, les enfants de l\u2019\u00e9cole, les personnes \u00e2g\u00e9es de la r\u00e9sidence et certains r\u00e9sidents de l\u2019ESAT, dans une ambiance joyeuse\u2026","rel":"","context":"Article similaire","block_context":{"text":"Article similaire","link":""},"img":{"alt_text":"","src":"","width":0,"height":0},"classes":[]},{"id":1034,"url":"https:\/\/mazet-st-voy.com\/?page_id=1034","url_meta":{"origin":12,"position":1},"title":"L&rsquo;ESAT","author":"admin9404","date":"24 ao\u00fbt 2018","format":false,"excerpt":"L'ESAT L\u2019\u00e9tablissement \u00ab\u00a0les Amis Du Plateau\u00a0\u00bb a commenc\u00e9 son activit\u00e9 le 1er janvier 1997 avec pour mission principale l\u2019accompagnement pour l\u2019insertion professionnelle et sociale avec l\u2019acquisition d\u2019un maximum d\u2019autonomie, d\u2019adultes ayant des d\u00e9ficits l\u00e9gers ou moyens. Au d\u00e9but pr\u00e9vu pour 6 personnes, L'ADP g\u00e8re aujourd\u2019hui un ESAT de 24 places\u2026","rel":"","context":"Article similaire","block_context":{"text":"Article similaire","link":""},"img":{"alt_text":"","src":"https:\/\/i0.wp.com\/mazet-st-voy.com\/wp-content\/uploads\/2018\/09\/Les-Amis-du-Plateau-.png?resize=350%2C200&ssl=1","width":350,"height":200,"srcset":"https:\/\/i0.wp.com\/mazet-st-voy.com\/wp-content\/uploads\/2018\/09\/Les-Amis-du-Plateau-.png?resize=350%2C200&ssl=1 1x, https:\/\/i0.wp.com\/mazet-st-voy.com\/wp-content\/uploads\/2018\/09\/Les-Amis-du-Plateau-.png?resize=525%2C300&ssl=1 1.5x, https:\/\/i0.wp.com\/mazet-st-voy.com\/wp-content\/uploads\/2018\/09\/Les-Amis-du-Plateau-.png?resize=700%2C400&ssl=1 2x, https:\/\/i0.wp.com\/mazet-st-voy.com\/wp-content\/uploads\/2018\/09\/Les-Amis-du-Plateau-.png?resize=1050%2C600&ssl=1 3x, https:\/\/i0.wp.com\/mazet-st-voy.com\/wp-content\/uploads\/2018\/09\/Les-Amis-du-Plateau-.png?resize=1400%2C800&ssl=1 4x"},"classes":[]},{"id":620,"url":"https:\/\/mazet-st-voy.com\/?page_id=620","url_meta":{"origin":12,"position":2},"title":"\u00c9cole Albert Camus","author":"admin9404","date":"21 ao\u00fbt 2018","format":false,"excerpt":"\u00c9COLE ALBERT CAMUS L\u2019\u00e9cole publique du Mazet, vaste et bien \u00e9quip\u00e9e (vid\u00e9o projecteurs, BCD, salle de motricit\u00e9, salle d\u2019art plastique, salle de sieste\u2026), accueille environ 80 enfants dans 4 classes. L\u2019\u00e9quipe de 4 enseignantes est renforc\u00e9e par 2 ATSEM (agents territoriaux des \u00e9coles maternelles) et une EVS (emploi vie scolaire)\u2026","rel":"","context":"Article similaire","block_context":{"text":"Article similaire","link":""},"img":{"alt_text":"","src":"","width":0,"height":0},"classes":[]},{"id":697,"url":"https:\/\/mazet-st-voy.com\/?page_id=697","url_meta":{"origin":12,"position":3},"title":"Mentions l\u00e9gales &#038; Politique de confidentialit\u00e9","author":"admin9404","date":"21 ao\u00fbt 2018","format":false,"excerpt":"MENTIONS L\u00c9GALES Ce site est \u00e9dit\u00e9 par la mairie du Mazet-St-Voy. Mairie du Mazet-St-Voy 1, Place de la Mairie 43520 le Mazet-St-Voy Tel. : 04 71 65 01 09 Fax. : 04 71 65 07 38 mairie@mazet-st-voy.com Directeur de la publication : Bernard COTTE, le Maire CONCEPTION ET H\u00c9B\u00c9RGEMENT DU\u2026","rel":"","context":"Article similaire","block_context":{"text":"Article similaire","link":""},"img":{"alt_text":"","src":"","width":0,"height":0},"classes":[]},{"id":624,"url":"https:\/\/mazet-st-voy.com\/?page_id=624","url_meta":{"origin":12,"position":4},"title":"Centre de Loisirs Intercommunal","author":"admin9404","date":"21 ao\u00fbt 2018","format":false,"excerpt":"\u00a0 CENTRE DE LOISIRS INTERCOMMUNAL Le centre de loisirs intercommunal du Haut-Lignon, antenne du Mazet-Saint-Voy, accueille les enfants de 3 ans \u00e0 12 ans. Nous les accueillons pendant les vacances scolaires \u00e0 la journ\u00e9e avec repas, journ\u00e9e sans repas (matin\/apr\u00e8s-midi) ou \u00e0 la demi-journ\u00e9e. Attention\u00a0: les jours de sortie, l\u2019accueil\u2026","rel":"","context":"Article similaire","block_context":{"text":"Article similaire","link":""},"img":{"alt_text":"","src":"","width":0,"height":0},"classes":[]},{"id":750,"url":"https:\/\/mazet-st-voy.com\/?page_id=750","url_meta":{"origin":12,"position":5},"title":"R\u00e9sidence du Lizieux","author":"admin9404","date":"22 ao\u00fbt 2018","format":false,"excerpt":"LA R\u00c9SIDENCE DU LIZIEUX : La r\u00e9sidence du Lizieux construite en 1999 comporte 10 logements pour personnes \u00e2g\u00e9es, de type T2 et 4 pour les jeunes travailleurs de l\u2019ESAT (3 type T1 bis et 1 de type T6). Le taux d\u2019occupation des logements sociaux approche les 100%. La partie locative\u2026","rel":"","context":"Article similaire","block_context":{"text":"Article similaire","link":""},"img":{"alt_text":"","src":"https:\/\/i0.wp.com\/mazet-st-voy.com\/wp-content\/uploads\/2018\/09\/R%C3%A9sience-du-Lizieux.png?resize=350%2C200&ssl=1","width":350,"height":200,"srcset":"https:\/\/i0.wp.com\/mazet-st-voy.com\/wp-content\/uploads\/2018\/09\/R%C3%A9sience-du-Lizieux.png?resize=350%2C200&ssl=1 1x, https:\/\/i0.wp.com\/mazet-st-voy.com\/wp-content\/uploads\/2018\/09\/R%C3%A9sience-du-Lizieux.png?resize=525%2C300&ssl=1 1.5x, https:\/\/i0.wp.com\/mazet-st-voy.com\/wp-content\/uploads\/2018\/09\/R%C3%A9sience-du-Lizieux.png?resize=700%2C400&ssl=1 2x, https:\/\/i0.wp.com\/mazet-st-voy.com\/wp-content\/uploads\/2018\/09\/R%C3%A9sience-du-Lizieux.png?resize=1050%2C600&ssl=1 3x, https:\/\/i0.wp.com\/mazet-st-voy.com\/wp-content\/uploads\/2018\/09\/R%C3%A9sience-du-Lizieux.png?resize=1400%2C800&ssl=1 4x"},"classes":[]}],"_links":{"self":[{"href":"https:\/\/mazet-st-voy.com\/index.php?rest_route=\/wp\/v2\/pages\/12","targetHints":{"allow":["GET"]}}],"collection":[{"href":"https:\/\/mazet-st-voy.com\/index.php?rest_route=\/wp\/v2\/pages"}],"about":[{"href":"https:\/\/mazet-st-voy.com\/index.php?rest_route=\/wp\/v2\/types\/page"}],"author":[{"embeddable":true,"href":"https:\/\/mazet-st-voy.com\/index.php?rest_route=\/wp\/v2\/users\/1"}],"replies":[{"embeddable":true,"href":"https:\/\/mazet-st-voy.com\/index.php?rest_route=%2Fwp%2Fv2%2Fcomments&post=12"}],"version-history":[{"count":60,"href":"https:\/\/mazet-st-voy.com\/index.php?rest_route=\/wp\/v2\/pages\/12\/revisions"}],"predecessor-version":[{"id":3926,"href":"https:\/\/mazet-st-voy.com\/index.php?rest_route=\/wp\/v2\/pages\/12\/revisions\/3926"}],"wp:attachment":[{"href":"https:\/\/mazet-st-voy.com\/index.php?rest_route=%2Fwp%2Fv2%2Fmedia&parent=12"}],"curies":[{"name":"wp","href":"https:\/\/api.w.org\/{rel}","templated":true}]}}