{"id":1221,"date":"2018-08-27T12:04:45","date_gmt":"2018-08-27T10:04:45","guid":{"rendered":"https:\/\/mazet-st-voy.com\/?page_id=1221"},"modified":"2018-09-03T01:47:03","modified_gmt":"2018-09-02T23:47:03","slug":"demarches-administratives","status":"publish","type":"page","link":"https:\/\/mazet-st-voy.com\/?page_id=1221","title":{"rendered":"D\u00e9marches administratives"},"content":{"rendered":"<h1>&nbsp;<\/h1>\n<h1 style=\"text-align: center;\"><span style=\"text-decoration: underline; color: #f00a69;\"><strong>D\u00c9MA<span style=\"color: #f00a69; text-decoration: underline;\">RCHES<\/span> ADMINISTRATIVES&nbsp;<\/strong><\/span><\/h1>\n<p style=\"text-align: center;\">Pour toutes vos d\u00e9marches administratives (carte d&rsquo;identit\u00e9, carte grise, permis&#8230;.) consultez le site du <span style=\"color: #f00a69; font-size: 12pt;\"><a style=\"color: #f00a69;\" href=\"https:\/\/www.service-public.fr\">service public.&nbsp;<\/a><\/span><\/p>\n<p style=\"text-align: center;\" align=\"left\"><span style=\"font-size: medium; font-family: georgia, palatino, serif;\">Cadastre : <span style=\"color: #d10f60;\"><a style=\"color: #d10f60;\" href=\"https:\/\/www.cadastre.gouv.fr\/scpc\/accueil.do\">cadastre.gouv.fr<\/a><\/span><\/span><\/p>\n<p align=\"left\"><strong>Pour en savoir davantage sur les diff\u00e9rentes r\u00e9glementations (cueillette, eau, chasse, esp\u00e8ces prot\u00e9g\u00e9es&#8230;) :<\/strong>&nbsp;<\/p>\n<p style=\"text-align: center;\" align=\"left\"><span style=\"color: #f00a69;\"><a style=\"color: #f00a69;\" href=\"http:\/\/www.haute-loire.gouv.fr\/eau-r963.html\">www.haute-loire.gouv.fr<\/a><\/span><\/p>\n","protected":false},"excerpt":{"rendered":"<p>&nbsp; D\u00c9MARCHES ADMINISTRATIVES&nbsp; Pour toutes vos d\u00e9marches administratives (carte d&rsquo;identit\u00e9, carte grise, permis&#8230;.) consultez le site du service public.&nbsp; Cadastre : cadastre.gouv.fr Pour en savoir davantage sur les diff\u00e9rentes r\u00e9glementations (cueillette, eau, chasse, esp\u00e8ces prot\u00e9g\u00e9es&#8230;) :&nbsp; www.haute-loire.gouv.fr<\/p>\n","protected":false},"author":1,"featured_media":0,"parent":0,"menu_order":0,"comment_status":"closed","ping_status":"closed","template":"","meta":{"ngg_post_thumbnail":0,"footnotes":""},"class_list":["post-1221","page","type-page","status-publish","hentry","entry"],"aioseo_notices":[],"jetpack_shortlink":"https:\/\/wp.me\/PadW9w-jH","jetpack_sharing_enabled":true,"jetpack-related-posts":[{"id":697,"url":"https:\/\/mazet-st-voy.com\/?page_id=697","url_meta":{"origin":1221,"position":0},"title":"Mentions l\u00e9gales &#038; Politique de confidentialit\u00e9","author":"admin9404","date":"21 ao\u00fbt 2018","format":false,"excerpt":"MENTIONS L\u00c9GALES Ce site est \u00e9dit\u00e9 par la mairie du Mazet-St-Voy. Mairie du Mazet-St-Voy 1, Place de la Mairie 43520 le Mazet-St-Voy Tel. : 04 71 65 01 09 Fax. : 04 71 65 07 38 mairie@mazet-st-voy.com Directeur de la publication : Bernard COTTE, le Maire CONCEPTION ET H\u00c9B\u00c9RGEMENT DU\u2026","rel":"","context":"Article similaire","block_context":{"text":"Article similaire","link":""},"img":{"alt_text":"","src":"","width":0,"height":0},"classes":[]},{"id":1034,"url":"https:\/\/mazet-st-voy.com\/?page_id=1034","url_meta":{"origin":1221,"position":1},"title":"L&rsquo;ESAT","author":"admin9404","date":"24 ao\u00fbt 2018","format":false,"excerpt":"L'ESAT L\u2019\u00e9tablissement \u00ab\u00a0les Amis Du Plateau\u00a0\u00bb a commenc\u00e9 son activit\u00e9 le 1er janvier 1997 avec pour mission principale l\u2019accompagnement pour l\u2019insertion professionnelle et sociale avec l\u2019acquisition d\u2019un maximum d\u2019autonomie, d\u2019adultes ayant des d\u00e9ficits l\u00e9gers ou moyens. Au d\u00e9but pr\u00e9vu pour 6 personnes, L'ADP g\u00e8re aujourd\u2019hui un ESAT de 24 places\u2026","rel":"","context":"Article similaire","block_context":{"text":"Article similaire","link":""},"img":{"alt_text":"","src":"https:\/\/i0.wp.com\/mazet-st-voy.com\/wp-content\/uploads\/2018\/09\/Les-Amis-du-Plateau-.png?resize=350%2C200&ssl=1","width":350,"height":200,"srcset":"https:\/\/i0.wp.com\/mazet-st-voy.com\/wp-content\/uploads\/2018\/09\/Les-Amis-du-Plateau-.png?resize=350%2C200&ssl=1 1x, https:\/\/i0.wp.com\/mazet-st-voy.com\/wp-content\/uploads\/2018\/09\/Les-Amis-du-Plateau-.png?resize=525%2C300&ssl=1 1.5x, https:\/\/i0.wp.com\/mazet-st-voy.com\/wp-content\/uploads\/2018\/09\/Les-Amis-du-Plateau-.png?resize=700%2C400&ssl=1 2x, https:\/\/i0.wp.com\/mazet-st-voy.com\/wp-content\/uploads\/2018\/09\/Les-Amis-du-Plateau-.png?resize=1050%2C600&ssl=1 3x, https:\/\/i0.wp.com\/mazet-st-voy.com\/wp-content\/uploads\/2018\/09\/Les-Amis-du-Plateau-.png?resize=1400%2C800&ssl=1 4x"},"classes":[]},{"id":2715,"url":"https:\/\/mazet-st-voy.com\/?page_id=2715","url_meta":{"origin":1221,"position":2},"title":"Le Fil d&rsquo;actualit\u00e9 de Calibert en Sc\u00e8ne","author":"admin9404","date":"2 f\u00e9vrier 2021","format":false,"excerpt":"Ce vendredi, Najat Vallaud-Belkacem , ancienne ministre et candidate de la gauche aux prochaines \u00e9lections r\u00e9gionales \u00e9tait en visite sur notre r\u00e9gion et au Calibert. C\u2019est par la salle polyvalente du Calibert que la candidate socialiste terminait, agr\u00e9ablement surprise de la qualit\u00e9 technique de la r\u00e9alisation, des performances que constituent\u2026","rel":"","context":"Article similaire","block_context":{"text":"Article similaire","link":""},"img":{"alt_text":"","src":"https:\/\/i0.wp.com\/mazet-st-voy.com\/wp-content\/uploads\/2021\/03\/2021-Mars-formation-son-Calibert4-scaled.jpg?resize=350%2C200&ssl=1","width":350,"height":200,"srcset":"https:\/\/i0.wp.com\/mazet-st-voy.com\/wp-content\/uploads\/2021\/03\/2021-Mars-formation-son-Calibert4-scaled.jpg?resize=350%2C200&ssl=1 1x, https:\/\/i0.wp.com\/mazet-st-voy.com\/wp-content\/uploads\/2021\/03\/2021-Mars-formation-son-Calibert4-scaled.jpg?resize=525%2C300&ssl=1 1.5x, https:\/\/i0.wp.com\/mazet-st-voy.com\/wp-content\/uploads\/2021\/03\/2021-Mars-formation-son-Calibert4-scaled.jpg?resize=700%2C400&ssl=1 2x, https:\/\/i0.wp.com\/mazet-st-voy.com\/wp-content\/uploads\/2021\/03\/2021-Mars-formation-son-Calibert4-scaled.jpg?resize=1050%2C600&ssl=1 3x, https:\/\/i0.wp.com\/mazet-st-voy.com\/wp-content\/uploads\/2021\/03\/2021-Mars-formation-son-Calibert4-scaled.jpg?resize=1400%2C800&ssl=1 4x"},"classes":[]},{"id":620,"url":"https:\/\/mazet-st-voy.com\/?page_id=620","url_meta":{"origin":1221,"position":3},"title":"\u00c9cole Albert Camus","author":"admin9404","date":"21 ao\u00fbt 2018","format":false,"excerpt":"\u00c9COLE ALBERT CAMUS L\u2019\u00e9cole publique du Mazet, vaste et bien \u00e9quip\u00e9e (vid\u00e9o projecteurs, BCD, salle de motricit\u00e9, salle d\u2019art plastique, salle de sieste\u2026), accueille environ 80 enfants dans 4 classes. L\u2019\u00e9quipe de 4 enseignantes est renforc\u00e9e par 2 ATSEM (agents territoriaux des \u00e9coles maternelles) et une EVS (emploi vie scolaire)\u2026","rel":"","context":"Article similaire","block_context":{"text":"Article similaire","link":""},"img":{"alt_text":"","src":"","width":0,"height":0},"classes":[]},{"id":1042,"url":"https:\/\/mazet-st-voy.com\/?page_id=1042","url_meta":{"origin":1221,"position":4},"title":"Le Camping de Surnette","author":"admin9404","date":"24 ao\u00fbt 2018","format":false,"excerpt":"LE CAMPING DE SURNETTE \u00a0 \u00a0 \u00a0 \u00a0\u00a0 Notre camping class\u00e9 3 \u00e9toiles est \u00e0 une altitude de 1 000 m propice aux vacances en famille avec de jeunes enfants, dans un lieu paisible ouvert du mois d\u2019Avril au mois d\u2019Octobre. Il vous accueille de 7h30 \u00e0 22h00 en toute\u2026","rel":"","context":"Article similaire","block_context":{"text":"Article similaire","link":""},"img":{"alt_text":"","src":"","width":0,"height":0},"classes":[]},{"id":796,"url":"https:\/\/mazet-st-voy.com\/?page_id=796","url_meta":{"origin":1221,"position":5},"title":"Formulaire GARDERIE","author":"admin9404","date":"22 ao\u00fbt 2018","format":false,"excerpt":"Madame, Monsieur, nous vous remercions d\u2019utiliser ce formulaire pour d\u00e9commander\u00a0votre enfant \u00e0 la garderie de l\u2019\u00e9cole Albert Camus du Mazet St Voy\u00a0. Pour la garderie\u00a0: Vous devez utiliser le formulaire garderie, la veille ou le matin m\u00eame\u00a0afin que les ATSEM puissent contr\u00f4ler la pr\u00e9sence de votre enfant. \u00a0","rel":"","context":"Article similaire","block_context":{"text":"Article similaire","link":""},"img":{"alt_text":"","src":"","width":0,"height":0},"classes":[]}],"_links":{"self":[{"href":"https:\/\/mazet-st-voy.com\/index.php?rest_route=\/wp\/v2\/pages\/1221","targetHints":{"allow":["GET"]}}],"collection":[{"href":"https:\/\/mazet-st-voy.com\/index.php?rest_route=\/wp\/v2\/pages"}],"about":[{"href":"https:\/\/mazet-st-voy.com\/index.php?rest_route=\/wp\/v2\/types\/page"}],"author":[{"embeddable":true,"href":"https:\/\/mazet-st-voy.com\/index.php?rest_route=\/wp\/v2\/users\/1"}],"replies":[{"embeddable":true,"href":"https:\/\/mazet-st-voy.com\/index.php?rest_route=%2Fwp%2Fv2%2Fcomments&post=1221"}],"version-history":[{"count":8,"href":"https:\/\/mazet-st-voy.com\/index.php?rest_route=\/wp\/v2\/pages\/1221\/revisions"}],"predecessor-version":[{"id":1641,"href":"https:\/\/mazet-st-voy.com\/index.php?rest_route=\/wp\/v2\/pages\/1221\/revisions\/1641"}],"wp:attachment":[{"href":"https:\/\/mazet-st-voy.com\/index.php?rest_route=%2Fwp%2Fv2%2Fmedia&parent=1221"}],"curies":[{"name":"wp","href":"https:\/\/api.w.org\/{rel}","templated":true}]}}

Démarches administratives

<h1>&nbsp;</h1>
<h1 style="text-align: center;"><span style="text-decoration: underline; color: #f00a69;"><strong>DÉMA<span style="color: #f00a69; text-decoration: underline;">RCHES</span> ADMINISTRATIVES&nbsp;</strong></span></h1>
<p style="text-align: center;">Pour toutes vos démarches administratives (carte d&rsquo;identité, carte grise, permis&#8230;.) consultez le site du <span style="color: #f00a69; font-size: 12pt;"><a style="color: #f00a69;" href="https://www.service-public.fr">service public.&nbsp;</a></span></p>
<p style="text-align: center;" align="left"><span style="font-size: medium; font-family: georgia, palatino, serif;">Cadastre : <span style="color: #d10f60;"><a style="color: #d10f60;" href="https://www.cadastre.gouv.fr/scpc/accueil.do">cadastre.gouv.fr</a></span></span></p>
<p align="left"><strong>Pour en savoir davantage sur les différentes réglementations (cueillette, eau, chasse, espèces protégées&#8230;) :</strong>&nbsp;</p>
<p style="text-align: center;" align="left"><span style="color: #f00a69;"><a style="color: #f00a69;" href="http://www.haute-loire.gouv.fr/eau-r963.html">www.haute-loire.gouv.fr</a></span></p>

<p>&nbsp; DÉMARCHES ADMINISTRATIVES&nbsp; Pour toutes vos démarches administratives (carte d&rsquo;identité, carte grise, permis&#8230;.) consultez le site du service public.&nbsp; Cadastre : cadastre.gouv.fr Pour en savoir davantage sur les différentes réglementations (cueillette, eau, chasse, espèces protégées&#8230;) :&nbsp; www.haute-loire.gouv.fr</p>

Mentions légales &#038; Politique de confidentialité

21 août 2018

MENTIONS LÉGALES Ce site est édité par la mairie du Mazet-St-Voy. Mairie du Mazet-St-Voy 1, Place de la Mairie 43520 le Mazet-St-Voy Tel. : 04 71 65 01 09 Fax. : 04 71 65 07 38 mairie@mazet-st-voy.com Directeur de la publication : Bernard COTTE, le Maire CONCEPTION ET HÉBÉRGEMENT DU…

24 août 2018

L'ESAT L’établissement « les Amis Du Plateau » a commencé son activité le 1er janvier 1997 avec pour mission principale l’accompagnement pour l’insertion professionnelle et sociale avec l’acquisition d’un maximum d’autonomie, d’adultes ayant des déficits légers ou moyens. Au début prévu pour 6 personnes, L'ADP gère aujourd’hui un ESAT de 24 places…

Le Fil d&rsquo;actualité de Calibert en Scène

2 février 2021

Ce vendredi, Najat Vallaud-Belkacem , ancienne ministre et candidate de la gauche aux prochaines élections régionales était en visite sur notre région et au Calibert. C’est par la salle polyvalente du Calibert que la candidate socialiste terminait, agréablement surprise de la qualité technique de la réalisation, des performances que constituent…

École Albert Camus

ÉCOLE ALBERT CAMUS L’école publique du Mazet, vaste et bien équipée (vidéo projecteurs, BCD, salle de motricité, salle d’art plastique, salle de sieste…), accueille environ 80 enfants dans 4 classes. L’équipe de 4 enseignantes est renforcée par 2 ATSEM (agents territoriaux des écoles maternelles) et une EVS (emploi vie scolaire)…

LE CAMPING DE SURNETTE          Notre camping classé 3 étoiles est à une altitude de 1 000 m propice aux vacances en famille avec de jeunes enfants, dans un lieu paisible ouvert du mois d’Avril au mois d’Octobre. Il vous accueille de 7h30 à 22h00 en toute…

22 août 2018

Madame, Monsieur, nous vous remercions d’utiliser ce formulaire pour décommander votre enfant à la garderie de l’école Albert Camus du Mazet St Voy . Pour la garderie : Vous devez utiliser le formulaire garderie, la veille ou le matin même afin que les ATSEM puissent contrôler la présence de votre enfant.
