{"id":779,"date":"2018-08-22T15:52:31","date_gmt":"2018-08-22T13:52:31","guid":{"rendered":"https:\/\/mazet-st-voy.com\/?page_id=779"},"modified":"2018-08-31T23:52:44","modified_gmt":"2018-08-31T21:52:44","slug":"formulaire-cantine","status":"publish","type":"page","link":"https:\/\/mazet-st-voy.com\/?page_id=779","title":{"rendered":"Formulaire CANTINE"},"content":{"rendered":"<p>&nbsp;<\/p>\n<p style=\"text-align: justify;\"><span style=\"color: #d90966;\">Madame, Monsieur, nous vous remercions d\u2019utiliser ce formulaire pour d\u00e9commander&nbsp;votre enfant \u00e0 la cantine de l\u2019\u00e9cole Albert Camus du Mazet St Voy .<\/span><\/p>\n<p style=\"text-align: justify;\"><span style=\"color: #d90966;\"><strong>Un d\u00e9lai de 48h est impos\u00e9 afin de ne pas p\u00e9naliser la pr\u00e9paration&nbsp;des repas, de maintenir le budget cantine de la commune et de ne pas vous exposer \u00e0 une majoration de 2\u20ac.<\/strong><\/span><\/p>\n<p style=\"text-align: justify;\">&nbsp;<\/p>\n\n<div class=\"wpcf7 no-js\" id=\"wpcf7-f778-o1\" lang=\"fr-FR\" dir=\"ltr\" data-wpcf7-id=\"778\">\n<div class=\"screen-reader-response\"><p role=\"status\" aria-live=\"polite\" aria-atomic=\"true\"><\/p> <ul><\/ul><\/div>\n<form action=\"\/index.php?rest_route=%2Fwp%2Fv2%2Fpages%2F779#wpcf7-f778-o1\" method=\"post\" class=\"wpcf7-form init\" aria-label=\"Formulaire de contact\" novalidate=\"novalidate\" data-status=\"init\">\n<fieldset class=\"hidden-fields-container\"><input type=\"hidden\" name=\"_wpcf7\" value=\"778\" \/><input type=\"hidden\" name=\"_wpcf7_version\" value=\"6.1.5\" \/><input type=\"hidden\" name=\"_wpcf7_locale\" value=\"fr_FR\" \/><input type=\"hidden\" name=\"_wpcf7_unit_tag\" value=\"wpcf7-f778-o1\" \/><input type=\"hidden\" name=\"_wpcf7_container_post\" value=\"0\" \/><input type=\"hidden\" name=\"_wpcf7_posted_data_hash\" value=\"\" \/>\n<\/fieldset>\n<p><label> Votre NOM (obligatoire)<br \/>\n<span class=\"wpcf7-form-control-wrap\" data-name=\"your-name\"><input size=\"40\" maxlength=\"400\" class=\"wpcf7-form-control wpcf7-text wpcf7-validates-as-required\" aria-required=\"true\" aria-invalid=\"false\" value=\"\" type=\"text\" name=\"your-name\" \/><\/span> <\/label>\n<\/p>\n<p><label> Votre Pr\u00e9nom (obligatoire)<br \/>\n<span class=\"wpcf7-form-control-wrap\" data-name=\"your-Firstname\"><input size=\"40\" maxlength=\"400\" class=\"wpcf7-form-control wpcf7-text wpcf7-validates-as-required\" aria-required=\"true\" aria-invalid=\"false\" value=\"\" type=\"text\" name=\"your-Firstname\" \/><\/span> <\/label>\n<\/p>\n<p><label> Votre adresse de messagerie (obligatoire)<br \/>\n<span class=\"wpcf7-form-control-wrap\" data-name=\"your-email\"><input size=\"40\" maxlength=\"400\" class=\"wpcf7-form-control wpcf7-email wpcf7-validates-as-required wpcf7-text wpcf7-validates-as-email\" aria-required=\"true\" aria-invalid=\"false\" value=\"\" type=\"email\" name=\"your-email\" \/><\/span> <\/label>\n<\/p>\n<p><label> Votre N\u00b0 de t\u00e9l\u00e9phone (obligatoire)<br \/>\n<span class=\"wpcf7-form-control-wrap\" data-name=\"tel-202\"><input size=\"40\" maxlength=\"400\" class=\"wpcf7-form-control wpcf7-tel wpcf7-validates-as-required wpcf7-text wpcf7-validates-as-tel\" aria-required=\"true\" aria-invalid=\"false\" value=\"\" type=\"tel\" name=\"tel-202\" \/><\/span> <\/label>\n<\/p>\n<p><label> Pr\u00e9nom de l'\u00e9l\u00e8ve (obligatoire)<br \/>\n<span class=\"wpcf7-form-control-wrap\" data-name=\"Prnomdellve\"><input size=\"40\" maxlength=\"400\" class=\"wpcf7-form-control wpcf7-text wpcf7-validates-as-required\" aria-required=\"true\" aria-invalid=\"false\" placeholder=\"\" value=\"\" type=\"text\" name=\"Prnomdellve\" \/><\/span> <\/label>\n<\/p>\n<p><label> NOM de l'\u00e9l\u00e8ve (obligatoire)<br \/>\n<span class=\"wpcf7-form-control-wrap\" data-name=\"NOMdellve\"><input size=\"40\" maxlength=\"400\" class=\"wpcf7-form-control wpcf7-text wpcf7-validates-as-required\" aria-required=\"true\" aria-invalid=\"false\" placeholder=\"\" value=\"\" type=\"text\" name=\"NOMdellve\" \/><\/span> <\/label>\n<\/p>\n<p><label> Classe de l'\u00e9l\u00e8ve (obligatoire)<br \/>\n<span class=\"wpcf7-form-control-wrap\" data-name=\"Classedellve\"><input size=\"40\" maxlength=\"400\" class=\"wpcf7-form-control wpcf7-text wpcf7-validates-as-required\" aria-required=\"true\" aria-invalid=\"false\" placeholder=\"\" value=\"\" type=\"text\" name=\"Classedellve\" \/><\/span> <\/label>\n<\/p>\n<p><label> Indiquez la ou les date(s) concern\u00e9e(s) (obligatoire)<br \/>\n<span class=\"wpcf7-form-control-wrap\" data-name=\"datescantine\"><input size=\"40\" maxlength=\"400\" class=\"wpcf7-form-control wpcf7-text wpcf7-validates-as-required\" aria-required=\"true\" aria-invalid=\"false\" value=\"JJ\/MM\/AAAA\" type=\"text\" name=\"datescantine\" \/><\/span> <\/label>\n<\/p>\n<p><input class=\"wpcf7-form-control wpcf7-submit has-spinner\" type=\"submit\" value=\"Envoyer\" \/>\n<\/p><p style=\"display: none !important;\" class=\"akismet-fields-container\" data-prefix=\"_wpcf7_ak_\"><label>&#916;<textarea name=\"_wpcf7_ak_hp_textarea\" cols=\"45\" rows=\"8\" maxlength=\"100\"><\/textarea><\/label><input type=\"hidden\" id=\"ak_js_1\" name=\"_wpcf7_ak_js\" value=\"184\"\/><script type=\"text\/javascript\">\n\/* <![CDATA[ *\/\ndocument.getElementById( \"ak_js_1\" ).setAttribute( \"value\", ( new Date() ).getTime() );\n\/* ]]> *\/\n<\/script>\n<\/p><div class=\"wpcf7-response-output\" aria-hidden=\"true\"><\/div>\n<\/form>\n<\/div>\n\n<p>&nbsp;<\/p>\n","protected":false},"excerpt":{"rendered":"<p>&nbsp; Madame, Monsieur, nous vous remercions d\u2019utiliser ce formulaire pour d\u00e9commander&nbsp;votre enfant \u00e0 la cantine de l\u2019\u00e9cole Albert Camus du Mazet St Voy . Un d\u00e9lai de 48h est impos\u00e9 afin de ne pas p\u00e9naliser la pr\u00e9paration&nbsp;des repas, de maintenir le budget cantine de la commune et de ne pas vous exposer \u00e0 une majoration [&hellip;]<\/p>\n","protected":false},"author":1,"featured_media":0,"parent":0,"menu_order":0,"comment_status":"closed","ping_status":"closed","template":"","meta":{"ngg_post_thumbnail":0,"footnotes":""},"class_list":["post-779","page","type-page","status-publish","hentry","entry"],"aioseo_notices":[],"jetpack_shortlink":"https:\/\/wp.me\/PadW9w-cz","jetpack_sharing_enabled":true,"jetpack-related-posts":[{"id":802,"url":"https:\/\/mazet-st-voy.com\/?page_id=802","url_meta":{"origin":779,"position":0},"title":"Cantine et Garderie","author":"admin9404","date":"22 ao\u00fbt 2018","format":false,"excerpt":"LA CANTINE DU VILLAGE La cantine du Mazet est install\u00e9e dans la r\u00e9sidence du Lizieux depuis une vingtaine d\u2019ann\u00e9es. elle a un fonctionnement interg\u00e9n\u00e9rationnel c'est-\u00e0-dire que mangent dans la m\u00eame pi\u00e8ce, les enfants de l\u2019\u00e9cole, les personnes \u00e2g\u00e9es de la r\u00e9sidence et certains r\u00e9sidents de l\u2019ESAT, dans une ambiance joyeuse\u2026","rel":"","context":"Article similaire","block_context":{"text":"Article similaire","link":""},"img":{"alt_text":"","src":"","width":0,"height":0},"classes":[]},{"id":430,"url":"https:\/\/mazet-st-voy.com\/?page_id=430","url_meta":{"origin":779,"position":1},"title":"Inscription Cantine et garderie : fiche de renseignements","author":"admin9404","date":"20 ao\u00fbt 2018","format":false,"excerpt":"INSCRIPTION CANTINE ET GARDERIE :\u00a0 Merci de t\u00e9l\u00e9charger, imprimer, compl\u00e9ter ce document et le retourner \u00e0 l'\u00c9cole Albert Camus afin d'enregistrer votre enfant au service de cantine ou garderie.\u00a0 FICHE RENSEIGNEMENTS","rel":"","context":"Article similaire","block_context":{"text":"Article similaire","link":""},"img":{"alt_text":"","src":"","width":0,"height":0},"classes":[]},{"id":750,"url":"https:\/\/mazet-st-voy.com\/?page_id=750","url_meta":{"origin":779,"position":2},"title":"R\u00e9sidence du Lizieux","author":"admin9404","date":"22 ao\u00fbt 2018","format":false,"excerpt":"LA R\u00c9SIDENCE DU LIZIEUX : La r\u00e9sidence du Lizieux construite en 1999 comporte 10 logements pour personnes \u00e2g\u00e9es, de type T2 et 4 pour les jeunes travailleurs de l\u2019ESAT (3 type T1 bis et 1 de type T6). Le taux d\u2019occupation des logements sociaux approche les 100%. La partie locative\u2026","rel":"","context":"Article similaire","block_context":{"text":"Article similaire","link":""},"img":{"alt_text":"","src":"https:\/\/i0.wp.com\/mazet-st-voy.com\/wp-content\/uploads\/2018\/09\/R%C3%A9sience-du-Lizieux.png?resize=350%2C200&ssl=1","width":350,"height":200,"srcset":"https:\/\/i0.wp.com\/mazet-st-voy.com\/wp-content\/uploads\/2018\/09\/R%C3%A9sience-du-Lizieux.png?resize=350%2C200&ssl=1 1x, https:\/\/i0.wp.com\/mazet-st-voy.com\/wp-content\/uploads\/2018\/09\/R%C3%A9sience-du-Lizieux.png?resize=525%2C300&ssl=1 1.5x, https:\/\/i0.wp.com\/mazet-st-voy.com\/wp-content\/uploads\/2018\/09\/R%C3%A9sience-du-Lizieux.png?resize=700%2C400&ssl=1 2x, https:\/\/i0.wp.com\/mazet-st-voy.com\/wp-content\/uploads\/2018\/09\/R%C3%A9sience-du-Lizieux.png?resize=1050%2C600&ssl=1 3x, https:\/\/i0.wp.com\/mazet-st-voy.com\/wp-content\/uploads\/2018\/09\/R%C3%A9sience-du-Lizieux.png?resize=1400%2C800&ssl=1 4x"},"classes":[]},{"id":697,"url":"https:\/\/mazet-st-voy.com\/?page_id=697","url_meta":{"origin":779,"position":3},"title":"Mentions l\u00e9gales &#038; Politique de confidentialit\u00e9","author":"admin9404","date":"21 ao\u00fbt 2018","format":false,"excerpt":"MENTIONS L\u00c9GALES Ce site est \u00e9dit\u00e9 par la mairie du Mazet-St-Voy. Mairie du Mazet-St-Voy 1, Place de la Mairie 43520 le Mazet-St-Voy Tel. : 04 71 65 01 09 Fax. : 04 71 65 07 38 mairie@mazet-st-voy.com Directeur de la publication : Bernard COTTE, le Maire CONCEPTION ET H\u00c9B\u00c9RGEMENT DU\u2026","rel":"","context":"Article similaire","block_context":{"text":"Article similaire","link":""},"img":{"alt_text":"","src":"","width":0,"height":0},"classes":[]},{"id":796,"url":"https:\/\/mazet-st-voy.com\/?page_id=796","url_meta":{"origin":779,"position":4},"title":"Formulaire GARDERIE","author":"admin9404","date":"22 ao\u00fbt 2018","format":false,"excerpt":"Madame, Monsieur, nous vous remercions d\u2019utiliser ce formulaire pour d\u00e9commander\u00a0votre enfant \u00e0 la garderie de l\u2019\u00e9cole Albert Camus du Mazet St Voy\u00a0. Pour la garderie\u00a0: Vous devez utiliser le formulaire garderie, la veille ou le matin m\u00eame\u00a0afin que les ATSEM puissent contr\u00f4ler la pr\u00e9sence de votre enfant. \u00a0","rel":"","context":"Article similaire","block_context":{"text":"Article similaire","link":""},"img":{"alt_text":"","src":"","width":0,"height":0},"classes":[]},{"id":622,"url":"https:\/\/mazet-st-voy.com\/?page_id=622","url_meta":{"origin":779,"position":5},"title":"Cr\u00e8che les Pitchounets","author":"admin9404","date":"21 ao\u00fbt 2018","format":false,"excerpt":"\u00a0 CR\u00c8CHE LES PITCHOUNETS Le multi- accueil \u00ab\u00a0Les Pitchounets\u00a0\u00bb est une association \u00e0 gestion parentale. Sous le terme multi accueil, nous regroupons les notions de cr\u00e8che, halte garderie, accueil p\u00e9riscolaire, en accueil r\u00e9gulier ou occasionnel. Une \u00e9quipe pluridisciplinaire accueille chaque jour enfants de 0 \u00e0 la veille de leurs 6\u2026","rel":"","context":"Article similaire","block_context":{"text":"Article similaire","link":""},"img":{"alt_text":"","src":"","width":0,"height":0},"classes":[]}],"_links":{"self":[{"href":"https:\/\/mazet-st-voy.com\/index.php?rest_route=\/wp\/v2\/pages\/779","targetHints":{"allow":["GET"]}}],"collection":[{"href":"https:\/\/mazet-st-voy.com\/index.php?rest_route=\/wp\/v2\/pages"}],"about":[{"href":"https:\/\/mazet-st-voy.com\/index.php?rest_route=\/wp\/v2\/types\/page"}],"author":[{"embeddable":true,"href":"https:\/\/mazet-st-voy.com\/index.php?rest_route=\/wp\/v2\/users\/1"}],"replies":[{"embeddable":true,"href":"https:\/\/mazet-st-voy.com\/index.php?rest_route=%2Fwp%2Fv2%2Fcomments&post=779"}],"version-history":[{"count":8,"href":"https:\/\/mazet-st-voy.com\/index.php?rest_route=\/wp\/v2\/pages\/779\/revisions"}],"predecessor-version":[{"id":2110,"href":"https:\/\/mazet-st-voy.com\/index.php?rest_route=\/wp\/v2\/pages\/779\/revisions\/2110"}],"wp:attachment":[{"href":"https:\/\/mazet-st-voy.com\/index.php?rest_route=%2Fwp%2Fv2%2Fmedia&parent=779"}],"curies":[{"name":"wp","href":"https:\/\/api.w.org\/{rel}","templated":true}]}}

<p>&nbsp;</p>
<p style="text-align: justify;"><span style="color: #d90966;">Madame, Monsieur, nous vous remercions d’utiliser ce formulaire pour décommander&nbsp;votre enfant à la cantine de l’école Albert Camus du Mazet St Voy .</span></p>
<p style="text-align: justify;"><span style="color: #d90966;"><strong>Un délai de 48h est imposé afin de ne pas pénaliser la préparation&nbsp;des repas, de maintenir le budget cantine de la commune et de ne pas vous exposer à une majoration de 2€.</strong></span></p>
<p style="text-align: justify;">&nbsp;</p>

<div class="wpcf7 no-js" id="wpcf7-f778-o1" lang="fr-FR" dir="ltr" data-wpcf7-id="778">
<div class="screen-reader-response"><p role="status" aria-live="polite" aria-atomic="true"></p> <ul></ul></div>
<form action="/index.php?rest_route=%2Fwp%2Fv2%2Fpages%2F779#wpcf7-f778-o1" method="post" class="wpcf7-form init" aria-label="Formulaire de contact" novalidate="novalidate" data-status="init">
<fieldset class="hidden-fields-container"><input type="hidden" name="_wpcf7" value="778" /><input type="hidden" name="_wpcf7_version" value="6.1.5" /><input type="hidden" name="_wpcf7_locale" value="fr_FR" /><input type="hidden" name="_wpcf7_unit_tag" value="wpcf7-f778-o1" /><input type="hidden" name="_wpcf7_container_post" value="0" /><input type="hidden" name="_wpcf7_posted_data_hash" value="" />
</fieldset>
<p><label> Votre NOM (obligatoire)<br />
<span class="wpcf7-form-control-wrap" data-name="your-name"><input size="40" maxlength="400" class="wpcf7-form-control wpcf7-text wpcf7-validates-as-required" aria-required="true" aria-invalid="false" value="" type="text" name="your-name" /></span> </label>
</p>
<p><label> Votre Prénom (obligatoire)<br />
<span class="wpcf7-form-control-wrap" data-name="your-Firstname"><input size="40" maxlength="400" class="wpcf7-form-control wpcf7-text wpcf7-validates-as-required" aria-required="true" aria-invalid="false" value="" type="text" name="your-Firstname" /></span> </label>
</p>
<p><label> Votre adresse de messagerie (obligatoire)<br />
<span class="wpcf7-form-control-wrap" data-name="your-email"><input size="40" maxlength="400" class="wpcf7-form-control wpcf7-email wpcf7-validates-as-required wpcf7-text wpcf7-validates-as-email" aria-required="true" aria-invalid="false" value="" type="email" name="your-email" /></span> </label>
</p>
<p><label> Votre N° de téléphone (obligatoire)<br />
<span class="wpcf7-form-control-wrap" data-name="tel-202"><input size="40" maxlength="400" class="wpcf7-form-control wpcf7-tel wpcf7-validates-as-required wpcf7-text wpcf7-validates-as-tel" aria-required="true" aria-invalid="false" value="" type="tel" name="tel-202" /></span> </label>
</p>
<p><label> Prénom de l'élève (obligatoire)<br />
<span class="wpcf7-form-control-wrap" data-name="Prnomdellve"><input size="40" maxlength="400" class="wpcf7-form-control wpcf7-text wpcf7-validates-as-required" aria-required="true" aria-invalid="false" placeholder="" value="" type="text" name="Prnomdellve" /></span> </label>
</p>
<p><label> NOM de l'élève (obligatoire)<br />
<span class="wpcf7-form-control-wrap" data-name="NOMdellve"><input size="40" maxlength="400" class="wpcf7-form-control wpcf7-text wpcf7-validates-as-required" aria-required="true" aria-invalid="false" placeholder="" value="" type="text" name="NOMdellve" /></span> </label>
</p>
<p><label> Classe de l'élève (obligatoire)<br />
<span class="wpcf7-form-control-wrap" data-name="Classedellve"><input size="40" maxlength="400" class="wpcf7-form-control wpcf7-text wpcf7-validates-as-required" aria-required="true" aria-invalid="false" placeholder="" value="" type="text" name="Classedellve" /></span> </label>
</p>
<p><label> Indiquez la ou les date(s) concernée(s) (obligatoire)<br />
<span class="wpcf7-form-control-wrap" data-name="datescantine"><input size="40" maxlength="400" class="wpcf7-form-control wpcf7-text wpcf7-validates-as-required" aria-required="true" aria-invalid="false" value="JJ/MM/AAAA" type="text" name="datescantine" /></span> </label>
</p>
<p><input class="wpcf7-form-control wpcf7-submit has-spinner" type="submit" value="Envoyer" />
</p><p style="display: none !important;" class="akismet-fields-container" data-prefix="_wpcf7_ak_"><label>&#916;<textarea name="_wpcf7_ak_hp_textarea" cols="45" rows="8" maxlength="100"></textarea></label><input type="hidden" id="ak_js_1" name="_wpcf7_ak_js" value="184"/><script type="text/javascript">
/* <![CDATA[ */
document.getElementById( "ak_js_1" ).setAttribute( "value", ( new Date() ).getTime() );
/* ]]> */
</script>
</p><div class="wpcf7-response-output" aria-hidden="true"></div>
</form>
</div>

<p>&nbsp;</p>

<p>&nbsp; Madame, Monsieur, nous vous remercions d’utiliser ce formulaire pour décommander&nbsp;votre enfant à la cantine de l’école Albert Camus du Mazet St Voy . Un délai de 48h est imposé afin de ne pas pénaliser la préparation&nbsp;des repas, de maintenir le budget cantine de la commune et de ne pas vous exposer à une majoration [&hellip;]</p>

22 août 2018

LA CANTINE DU VILLAGE La cantine du Mazet est installée dans la résidence du Lizieux depuis une vingtaine d’années. elle a un fonctionnement intergénérationnel c'est-à-dire que mangent dans la même pièce, les enfants de l’école, les personnes âgées de la résidence et certains résidents de l’ESAT, dans une ambiance joyeuse…

20 août 2018

INSCRIPTION CANTINE ET GARDERIE :  Merci de télécharger, imprimer, compléter ce document et le retourner à l'École Albert Camus afin d'enregistrer votre enfant au service de cantine ou garderie.  FICHE RENSEIGNEMENTS

Résidence du Lizieux

LA RÉSIDENCE DU LIZIEUX : La résidence du Lizieux construite en 1999 comporte 10 logements pour personnes âgées, de type T2 et 4 pour les jeunes travailleurs de l’ESAT (3 type T1 bis et 1 de type T6). Le taux d’occupation des logements sociaux approche les 100%. La partie locative…

Mentions légales &#038; Politique de confidentialité

21 août 2018

MENTIONS LÉGALES Ce site est édité par la mairie du Mazet-St-Voy. Mairie du Mazet-St-Voy 1, Place de la Mairie 43520 le Mazet-St-Voy Tel. : 04 71 65 01 09 Fax. : 04 71 65 07 38 mairie@mazet-st-voy.com Directeur de la publication : Bernard COTTE, le Maire CONCEPTION ET HÉBÉRGEMENT DU…

Madame, Monsieur, nous vous remercions d’utiliser ce formulaire pour décommander votre enfant à la garderie de l’école Albert Camus du Mazet St Voy . Pour la garderie : Vous devez utiliser le formulaire garderie, la veille ou le matin même afin que les ATSEM puissent contrôler la présence de votre enfant.

Crèche les Pitchounets

CRÈCHE LES PITCHOUNETS Le multi- accueil « Les Pitchounets » est une association à gestion parentale. Sous le terme multi accueil, nous regroupons les notions de crèche, halte garderie, accueil périscolaire, en accueil régulier ou occasionnel. Une équipe pluridisciplinaire accueille chaque jour enfants de 0 à la veille de leurs 6…
