{"id":802,"date":"2018-08-22T17:44:27","date_gmt":"2018-08-22T15:44:27","guid":{"rendered":"https:\/\/mazet-st-voy.com\/?page_id=802"},"modified":"2026-04-29T16:19:43","modified_gmt":"2026-04-29T14:19:43","slug":"cantine","status":"publish","type":"page","link":"https:\/\/mazet-st-voy.com\/?page_id=802","title":{"rendered":"Cantine et Garderie"},"content":{"rendered":"<h1><span style=\"text-decoration: underline; color: #db0766;\">LA CANTINE DU VILLAGE<\/span><\/h1>\n<p style=\"text-align: justify;\">La cantine du Mazet est install\u00e9e dans la r\u00e9sidence du Lizieux depuis une vingtaine d\u2019ann\u00e9es. elle a un fonctionnement interg\u00e9n\u00e9rationnel c&rsquo;est-\u00e0-dire que mangent dans la m\u00eame pi\u00e8ce, les enfants de l\u2019\u00e9cole, les personnes \u00e2g\u00e9es de la r\u00e9sidence et certains r\u00e9sidents de l\u2019ESAT, dans une ambiance joyeuse et respectueuse.<\/p>\n<p style=\"text-align: justify;\">Ce fonctionnement fait partie du projet p\u00e9dagogique de cette cantine auquel l\u2019\u00e9quipe municipale est attach\u00e9e.<\/p>\n<p style=\"text-align: justify;\">Depuis maintenant 7 ans, la pr\u00e9paration des repas est d\u00e9l\u00e9gu\u00e9e \u00e0 l\u2019ESAT \u00ab les Amis du Plateau \u00bb et Maxime le cuisinier, aid\u00e9 de 3 travailleurs, fabrique entre 90 \u00e0 95 repas par jour.<\/p>\n<p style=\"text-align: justify;\">Les mati\u00e8res premi\u00e8res sont, autant que possible, locales (boucherie, boulangerie\u2026). Les menus des repas sont \u00e9tudi\u00e9s pour apporter \u00e9quilibre alimentaire et d\u00e9couverte de nouvelles saveurs &nbsp;tout en respectant les go\u00fbts des convives.<\/p>\n<p style=\"text-align: justify;\">Les repas sont livr\u00e9s froids et Hortense, la ma\u00eetresse de maison, les r\u00e9chauffe et assure le service.<\/p>\n<p style=\"text-align: justify;\">Certains repas sont ensuite apport\u00e9s \u00e0 la cr\u00e8che \u00ab les Pitchounets \u00bb et \u00e0 la cantine des plus jeunes enfants, situ\u00e9e \u00e0 l\u2019\u00e9cole.<\/p>\n<p><span style=\"text-decoration: underline; color: #db0766; font-size: 14pt;\"><strong>INSCRIPTION et PRIX:<\/strong><\/span><\/p>\n<p><strong>Prix du repas pour l&rsquo;ann\u00e9e 2025: 4,40 Euros<\/strong><\/p>\n<p style=\"text-align: justify;\">L&rsquo;inscription se fait aupr\u00e8s des ATSEM le mardi au plus tars pour la semaine suivante.<\/p>\n<p style=\"text-align: justify;\">&nbsp;<\/p>\n<h1><span style=\"text-decoration: underline; color: #db0766;\">LA GARDERIE<\/span><\/h1>\n<p style=\"text-align: justify;\">Pour les parents dont l\u2019activit\u00e9 professionnelle n\u00e9cessite la prise en charge de leur enfant avant 9 h (heure de d\u00e9but de l\u2019\u00e9cole) une garderie, organis\u00e9e par la mairie du Mazet, leur est propos\u00e9e \u00e0 partir de 7 h 30. Elle accueille les enfants de la classe de Grande Section et au del\u00e0. Les PS et MS peuvent \u00eatre accueillis \u00e0 la cr\u00e8che (voir avec la directrice de la cr\u00e8che).<\/p>\n<p><span style=\"text-decoration: underline; color: #db0766; font-size: 14pt;\"><strong>INSCRIPTION:<\/strong><\/span><\/p>\n<p style=\"text-align: justify;\">L\u2019inscription est obligatoire, elle est possible en cours d\u2019ann\u00e9e, et m\u00eame occasionnellement, aupr\u00e8s des ATSEM, \u00e0 l\u2019\u00e9cole.&nbsp;&nbsp;<\/p>\n","protected":false},"excerpt":{"rendered":"<p>LA CANTINE DU VILLAGE La cantine du Mazet est install\u00e9e dans la r\u00e9sidence du Lizieux depuis une vingtaine d\u2019ann\u00e9es. elle a un fonctionnement interg\u00e9n\u00e9rationnel c&rsquo;est-\u00e0-dire que mangent dans la m\u00eame pi\u00e8ce, les enfants de l\u2019\u00e9cole, les personnes \u00e2g\u00e9es de la r\u00e9sidence et certains r\u00e9sidents de l\u2019ESAT, dans une ambiance joyeuse et respectueuse. Ce fonctionnement fait [&hellip;]<\/p>\n","protected":false},"author":1,"featured_media":0,"parent":0,"menu_order":0,"comment_status":"closed","ping_status":"closed","template":"","meta":{"ngg_post_thumbnail":0,"footnotes":""},"class_list":["post-802","page","type-page","status-publish","hentry","entry"],"aioseo_notices":[],"jetpack_shortlink":"https:\/\/wp.me\/PadW9w-cW","jetpack_sharing_enabled":true,"jetpack-related-posts":[{"id":750,"url":"https:\/\/mazet-st-voy.com\/?page_id=750","url_meta":{"origin":802,"position":0},"title":"R\u00e9sidence du Lizieux","author":"admin9404","date":"22 ao\u00fbt 2018","format":false,"excerpt":"LA R\u00c9SIDENCE DU LIZIEUX : La r\u00e9sidence du Lizieux construite en 1999 comporte 10 logements pour personnes \u00e2g\u00e9es, de type T2 et 4 pour les jeunes travailleurs de l\u2019ESAT (3 type T1 bis et 1 de type T6). Le taux d\u2019occupation des logements sociaux approche les 100%. La partie locative\u2026","rel":"","context":"Article similaire","block_context":{"text":"Article similaire","link":""},"img":{"alt_text":"","src":"https:\/\/i0.wp.com\/mazet-st-voy.com\/wp-content\/uploads\/2018\/09\/R%C3%A9sience-du-Lizieux.png?resize=350%2C200&ssl=1","width":350,"height":200,"srcset":"https:\/\/i0.wp.com\/mazet-st-voy.com\/wp-content\/uploads\/2018\/09\/R%C3%A9sience-du-Lizieux.png?resize=350%2C200&ssl=1 1x, https:\/\/i0.wp.com\/mazet-st-voy.com\/wp-content\/uploads\/2018\/09\/R%C3%A9sience-du-Lizieux.png?resize=525%2C300&ssl=1 1.5x, https:\/\/i0.wp.com\/mazet-st-voy.com\/wp-content\/uploads\/2018\/09\/R%C3%A9sience-du-Lizieux.png?resize=700%2C400&ssl=1 2x, https:\/\/i0.wp.com\/mazet-st-voy.com\/wp-content\/uploads\/2018\/09\/R%C3%A9sience-du-Lizieux.png?resize=1050%2C600&ssl=1 3x, https:\/\/i0.wp.com\/mazet-st-voy.com\/wp-content\/uploads\/2018\/09\/R%C3%A9sience-du-Lizieux.png?resize=1400%2C800&ssl=1 4x"},"classes":[]},{"id":779,"url":"https:\/\/mazet-st-voy.com\/?page_id=779","url_meta":{"origin":802,"position":1},"title":"Formulaire CANTINE","author":"admin9404","date":"22 ao\u00fbt 2018","format":false,"excerpt":"\u00a0 Madame, Monsieur, nous vous remercions d\u2019utiliser ce formulaire pour d\u00e9commander\u00a0votre enfant \u00e0 la cantine de l\u2019\u00e9cole Albert Camus du Mazet St Voy . Un d\u00e9lai de 48h est impos\u00e9 afin de ne pas p\u00e9naliser la pr\u00e9paration\u00a0des repas, de maintenir le budget cantine de la commune et de ne pas\u2026","rel":"","context":"Article similaire","block_context":{"text":"Article similaire","link":""},"img":{"alt_text":"","src":"","width":0,"height":0},"classes":[]},{"id":1034,"url":"https:\/\/mazet-st-voy.com\/?page_id=1034","url_meta":{"origin":802,"position":2},"title":"L&rsquo;ESAT","author":"admin9404","date":"24 ao\u00fbt 2018","format":false,"excerpt":"L'ESAT L\u2019\u00e9tablissement \u00ab\u00a0les Amis Du Plateau\u00a0\u00bb a commenc\u00e9 son activit\u00e9 le 1er janvier 1997 avec pour mission principale l\u2019accompagnement pour l\u2019insertion professionnelle et sociale avec l\u2019acquisition d\u2019un maximum d\u2019autonomie, d\u2019adultes ayant des d\u00e9ficits l\u00e9gers ou moyens. Au d\u00e9but pr\u00e9vu pour 6 personnes, L'ADP g\u00e8re aujourd\u2019hui un ESAT de 24 places\u2026","rel":"","context":"Article similaire","block_context":{"text":"Article similaire","link":""},"img":{"alt_text":"","src":"https:\/\/i0.wp.com\/mazet-st-voy.com\/wp-content\/uploads\/2018\/09\/Les-Amis-du-Plateau-.png?resize=350%2C200&ssl=1","width":350,"height":200,"srcset":"https:\/\/i0.wp.com\/mazet-st-voy.com\/wp-content\/uploads\/2018\/09\/Les-Amis-du-Plateau-.png?resize=350%2C200&ssl=1 1x, https:\/\/i0.wp.com\/mazet-st-voy.com\/wp-content\/uploads\/2018\/09\/Les-Amis-du-Plateau-.png?resize=525%2C300&ssl=1 1.5x, https:\/\/i0.wp.com\/mazet-st-voy.com\/wp-content\/uploads\/2018\/09\/Les-Amis-du-Plateau-.png?resize=700%2C400&ssl=1 2x, https:\/\/i0.wp.com\/mazet-st-voy.com\/wp-content\/uploads\/2018\/09\/Les-Amis-du-Plateau-.png?resize=1050%2C600&ssl=1 3x, https:\/\/i0.wp.com\/mazet-st-voy.com\/wp-content\/uploads\/2018\/09\/Les-Amis-du-Plateau-.png?resize=1400%2C800&ssl=1 4x"},"classes":[]},{"id":624,"url":"https:\/\/mazet-st-voy.com\/?page_id=624","url_meta":{"origin":802,"position":3},"title":"Centre de Loisirs Intercommunal","author":"admin9404","date":"21 ao\u00fbt 2018","format":false,"excerpt":"\u00a0 CENTRE DE LOISIRS INTERCOMMUNAL Le centre de loisirs intercommunal du Haut-Lignon, antenne du Mazet-Saint-Voy, accueille les enfants de 3 ans \u00e0 12 ans. Nous les accueillons pendant les vacances scolaires \u00e0 la journ\u00e9e avec repas, journ\u00e9e sans repas (matin\/apr\u00e8s-midi) ou \u00e0 la demi-journ\u00e9e. Attention\u00a0: les jours de sortie, l\u2019accueil\u2026","rel":"","context":"Article similaire","block_context":{"text":"Article similaire","link":""},"img":{"alt_text":"","src":"","width":0,"height":0},"classes":[]},{"id":697,"url":"https:\/\/mazet-st-voy.com\/?page_id=697","url_meta":{"origin":802,"position":4},"title":"Mentions l\u00e9gales &#038; Politique de confidentialit\u00e9","author":"admin9404","date":"21 ao\u00fbt 2018","format":false,"excerpt":"MENTIONS L\u00c9GALES Ce site est \u00e9dit\u00e9 par la mairie du Mazet-St-Voy. Mairie du Mazet-St-Voy 1, Place de la Mairie 43520 le Mazet-St-Voy Tel. : 04 71 65 01 09 Fax. : 04 71 65 07 38 mairie@mazet-st-voy.com Directeur de la publication : Bernard COTTE, le Maire CONCEPTION ET H\u00c9B\u00c9RGEMENT DU\u2026","rel":"","context":"Article similaire","block_context":{"text":"Article similaire","link":""},"img":{"alt_text":"","src":"","width":0,"height":0},"classes":[]},{"id":620,"url":"https:\/\/mazet-st-voy.com\/?page_id=620","url_meta":{"origin":802,"position":5},"title":"\u00c9cole Albert Camus","author":"admin9404","date":"21 ao\u00fbt 2018","format":false,"excerpt":"\u00c9COLE ALBERT CAMUS L\u2019\u00e9cole publique du Mazet, vaste et bien \u00e9quip\u00e9e (vid\u00e9o projecteurs, BCD, salle de motricit\u00e9, salle d\u2019art plastique, salle de sieste\u2026), accueille environ 80 enfants dans 4 classes. L\u2019\u00e9quipe de 4 enseignantes est renforc\u00e9e par 2 ATSEM (agents territoriaux des \u00e9coles maternelles) et une EVS (emploi vie scolaire)\u2026","rel":"","context":"Article similaire","block_context":{"text":"Article similaire","link":""},"img":{"alt_text":"","src":"","width":0,"height":0},"classes":[]}],"_links":{"self":[{"href":"https:\/\/mazet-st-voy.com\/index.php?rest_route=\/wp\/v2\/pages\/802","targetHints":{"allow":["GET"]}}],"collection":[{"href":"https:\/\/mazet-st-voy.com\/index.php?rest_route=\/wp\/v2\/pages"}],"about":[{"href":"https:\/\/mazet-st-voy.com\/index.php?rest_route=\/wp\/v2\/types\/page"}],"author":[{"embeddable":true,"href":"https:\/\/mazet-st-voy.com\/index.php?rest_route=\/wp\/v2\/users\/1"}],"replies":[{"embeddable":true,"href":"https:\/\/mazet-st-voy.com\/index.php?rest_route=%2Fwp%2Fv2%2Fcomments&post=802"}],"version-history":[{"count":23,"href":"https:\/\/mazet-st-voy.com\/index.php?rest_route=\/wp\/v2\/pages\/802\/revisions"}],"predecessor-version":[{"id":3849,"href":"https:\/\/mazet-st-voy.com\/index.php?rest_route=\/wp\/v2\/pages\/802\/revisions\/3849"}],"wp:attachment":[{"href":"https:\/\/mazet-st-voy.com\/index.php?rest_route=%2Fwp%2Fv2%2Fmedia&parent=802"}],"curies":[{"name":"wp","href":"https:\/\/api.w.org\/{rel}","templated":true}]}}

<h1><span style="text-decoration: underline; color: #db0766;">LA CANTINE DU VILLAGE</span></h1>
<p style="text-align: justify;">La cantine du Mazet est installée dans la résidence du Lizieux depuis une vingtaine d’années. elle a un fonctionnement intergénérationnel c&rsquo;est-à-dire que mangent dans la même pièce, les enfants de l’école, les personnes âgées de la résidence et certains résidents de l’ESAT, dans une ambiance joyeuse et respectueuse.</p>
<p style="text-align: justify;">Ce fonctionnement fait partie du projet pédagogique de cette cantine auquel l’équipe municipale est attachée.</p>
<p style="text-align: justify;">Depuis maintenant 7 ans, la préparation des repas est déléguée à l’ESAT « les Amis du Plateau » et Maxime le cuisinier, aidé de 3 travailleurs, fabrique entre 90 à 95 repas par jour.</p>
<p style="text-align: justify;">Les matières premières sont, autant que possible, locales (boucherie, boulangerie…). Les menus des repas sont étudiés pour apporter équilibre alimentaire et découverte de nouvelles saveurs &nbsp;tout en respectant les goûts des convives.</p>
<p style="text-align: justify;">Les repas sont livrés froids et Hortense, la maîtresse de maison, les réchauffe et assure le service.</p>
<p style="text-align: justify;">Certains repas sont ensuite apportés à la crèche « les Pitchounets » et à la cantine des plus jeunes enfants, située à l’école.</p>
<p><span style="text-decoration: underline; color: #db0766; font-size: 14pt;"><strong>INSCRIPTION et PRIX:</strong></span></p>
<p><strong>Prix du repas pour l&rsquo;année 2025: 4,40 Euros</strong></p>
<p style="text-align: justify;">L&rsquo;inscription se fait auprès des ATSEM le mardi au plus tars pour la semaine suivante.</p>
<p style="text-align: justify;">&nbsp;</p>
<h1><span style="text-decoration: underline; color: #db0766;">LA GARDERIE</span></h1>
<p style="text-align: justify;">Pour les parents dont l’activité professionnelle nécessite la prise en charge de leur enfant avant 9 h (heure de début de l’école) une garderie, organisée par la mairie du Mazet, leur est proposée à partir de 7 h 30. Elle accueille les enfants de la classe de Grande Section et au delà. Les PS et MS peuvent être accueillis à la crèche (voir avec la directrice de la crèche).</p>
<p><span style="text-decoration: underline; color: #db0766; font-size: 14pt;"><strong>INSCRIPTION:</strong></span></p>
<p style="text-align: justify;">L’inscription est obligatoire, elle est possible en cours d’année, et même occasionnellement, auprès des ATSEM, à l’école.&nbsp;&nbsp;</p>

<p>LA CANTINE DU VILLAGE La cantine du Mazet est installée dans la résidence du Lizieux depuis une vingtaine d’années. elle a un fonctionnement intergénérationnel c&rsquo;est-à-dire que mangent dans la même pièce, les enfants de l’école, les personnes âgées de la résidence et certains résidents de l’ESAT, dans une ambiance joyeuse et respectueuse. Ce fonctionnement fait [&hellip;]</p>

Résidence du Lizieux

22 août 2018

LA RÉSIDENCE DU LIZIEUX : La résidence du Lizieux construite en 1999 comporte 10 logements pour personnes âgées, de type T2 et 4 pour les jeunes travailleurs de l’ESAT (3 type T1 bis et 1 de type T6). Le taux d’occupation des logements sociaux approche les 100%. La partie locative…

Madame, Monsieur, nous vous remercions d’utiliser ce formulaire pour décommander votre enfant à la cantine de l’école Albert Camus du Mazet St Voy . Un délai de 48h est imposé afin de ne pas pénaliser la préparation des repas, de maintenir le budget cantine de la commune et de ne pas…

24 août 2018

L'ESAT L’établissement « les Amis Du Plateau » a commencé son activité le 1er janvier 1997 avec pour mission principale l’accompagnement pour l’insertion professionnelle et sociale avec l’acquisition d’un maximum d’autonomie, d’adultes ayant des déficits légers ou moyens. Au début prévu pour 6 personnes, L'ADP gère aujourd’hui un ESAT de 24 places…

21 août 2018

CENTRE DE LOISIRS INTERCOMMUNAL Le centre de loisirs intercommunal du Haut-Lignon, antenne du Mazet-Saint-Voy, accueille les enfants de 3 ans à 12 ans. Nous les accueillons pendant les vacances scolaires à la journée avec repas, journée sans repas (matin/après-midi) ou à la demi-journée. Attention : les jours de sortie, l’accueil…

Mentions légales &#038; Politique de confidentialité

MENTIONS LÉGALES Ce site est édité par la mairie du Mazet-St-Voy. Mairie du Mazet-St-Voy 1, Place de la Mairie 43520 le Mazet-St-Voy Tel. : 04 71 65 01 09 Fax. : 04 71 65 07 38 mairie@mazet-st-voy.com Directeur de la publication : Bernard COTTE, le Maire CONCEPTION ET HÉBÉRGEMENT DU…

École Albert Camus

ÉCOLE ALBERT CAMUS L’école publique du Mazet, vaste et bien équipée (vidéo projecteurs, BCD, salle de motricité, salle d’art plastique, salle de sieste…), accueille environ 80 enfants dans 4 classes. L’équipe de 4 enseignantes est renforcée par 2 ATSEM (agents territoriaux des écoles maternelles) et une EVS (emploi vie scolaire)…
