{"id":860,"date":"2018-08-23T16:26:52","date_gmt":"2018-08-23T14:26:52","guid":{"rendered":"https:\/\/mazet-st-voy.com\/?page_id=860"},"modified":"2018-09-06T13:29:51","modified_gmt":"2018-09-06T11:29:51","slug":"communaute-de-communes","status":"publish","type":"page","link":"https:\/\/mazet-st-voy.com\/?page_id=860","title":{"rendered":"Communaut\u00e9 de Communes"},"content":{"rendered":"<h1><span style=\"text-decoration: underline; color: #db0766;\">COMMUNAUT\u00c9 DE COMMUNES DU HAUT-LIGNON<\/span><\/h1>\n<p style=\"text-align: justify;\"><strong>Les communes de la communaut\u00e9 de communes du Haut Lignon sont&nbsp;:<\/strong> Le Chambon- sur-Lignon, Le Mazet-Saint-Voy, Tence, Chenereilles, Saint- Jeures, Le Mas de Tence.<\/p>\n<p style=\"text-align: justify;\">Une communaut\u00e9 de communes est d\u00e9finie comme un \u00e9tablissement public de coop\u00e9ration intercommunale regroupant plusieurs communes d\u2019un seul tenant et sans enclave. Elle a pour objet d\u2019associer des communes au sein d\u2019un espace solidaire en vue d\u2019\u00e9laborer des projets communs de d\u00e9veloppement et d\u2019am\u00e9nagement du territoire.<\/p>\n<p><span style=\"color: #db0766;\"><u>Elle agit sur&nbsp;:<\/u><\/span><\/p>\n<ul>\n<li style=\"text-align: justify;\"><strong>les Actions de d\u00e9veloppement \u00e9conomique&nbsp;l\u2019Am\u00e9nagement de l\u2019espace&nbsp;: <\/strong>\n<ul>\n<li>Sch\u00e9ma de Coh\u00e9rence Territorial (S.C.O.T.),<\/li>\n<li>Syst\u00e8me d\u2019Information G\u00e9ographique.<\/li>\n<\/ul>\n<\/li>\n<\/ul>\n<ul style=\"text-align: justify;\">\n<li><strong>La Collecte, Traitement, \u00c9limination et Valorisation des d\u00e9chets des m\u00e9nages et d\u00e9chets assimil\u00e9s.<\/strong><\/li>\n<\/ul>\n<ul style=\"text-align: justify;\">\n<li><strong>L\u2019Am\u00e9nagement, entretien et gestion des aires d\u2019accueil des gens du voyage.<\/strong><\/li>\n<\/ul>\n<ul style=\"text-align: justify;\">\n<li><strong>La Politique du logement et du cadre de vie. Politique de la ville.<\/strong><\/li>\n<\/ul>\n<ul style=\"text-align: justify;\">\n<li><strong>La Construction, am\u00e9nagement, entretien et gestion d\u2019\u00e9quipements culturels et sportifs d\u2019int\u00e9r\u00eat communautaire et d\u2019\u00e9quipements de l\u2019enseignement pr\u00e9-\u00e9l\u00e9mentaire et \u00e9l\u00e9mentaire d\u2019int\u00e9r\u00eat communautaire :<\/strong>\n<ul>\n<li>P\u00f4le multi-activit\u00e9s sur la commune de Tence.<\/li>\n<li>Boulodrome intercommunal sur la commune du Mazet Saint-Voy.<\/li>\n<li>Centre socio-culturel et sportif intercommunal \u00ab&nbsp;Maison des Bretchs&nbsp;\u00bb sur la commune du Chambon-sur-Lignon.<\/li>\n<li>l\u2019Am\u00e9nagement, entretien et balisage des Parcours de Randonn\u00e9es labellis\u00e9s, des circuits V.T.T. labellis\u00e9s, des Parcours Trail labellis\u00e9s.&nbsp;<\/li>\n<li>La Gestion de l\u2019\u00e9cole de musique intercommunale du Haut-Lignon.<\/li>\n<\/ul>\n<\/li>\n<\/ul>\n<ul style=\"text-align: justify;\">\n<li><strong>Politique Enfance et Jeunesse :<\/strong>\n<ul>\n<li>Cr\u00e9ation et gestion d\u2019un relais d\u2019assistantes maternelles.<\/li>\n<li>Ramassage scolaire.<\/li>\n<li>Mise en place des actions de gestion et de coordination dans le domaine de la petite enfance et de la jeunesse pour les 0-18 ans.<\/li>\n<\/ul>\n<\/li>\n<\/ul>\n<ul style=\"text-align: justify;\">\n<li><strong>La S\u00e9curit\u00e9 \u2013 Pr\u00e9vention<\/strong> : contribution au fonctionnement du Service D\u00e9partemental d\u2019Incendie et de Secours (Contingent d\u2019incendie) sur l\u2019ensemble du p\u00e9rim\u00e8tre communautaire.<\/li>\n<\/ul>\n<ul style=\"text-align: justify;\">\n<li><strong>la Politique culturelle :<\/strong>\n<ul>\n<li>Activit\u00e9s du Pays Lecture.<\/li>\n<li>Organisation et programmation d\u2019animations culturelles (Festival \u00ab&nbsp;Musiques en Vivarais Lignon&nbsp;\u00bb, \u00ab&nbsp;Interfolk&nbsp;\u00bb).<\/li>\n<li>Ludoth\u00e8que intercommunale.<\/li>\n<\/ul>\n<\/li>\n<\/ul>\n<ul>\n<li style=\"text-align: justify;\"><strong>Le Service Public d\u2019assainissement Non Collectif.<\/strong><\/li>\n<\/ul>\n<p style=\"text-align: center;\"><span style=\"color: #db0766;\"><a style=\"color: #db0766;\" href=\"http:\/\/www.cc-hautlignon.fr\">VOIR LE SITE INTERNET&nbsp;<\/a><\/span><\/p>\n","protected":false},"excerpt":{"rendered":"<p>COMMUNAUT\u00c9 DE COMMUNES DU HAUT-LIGNON Les communes de la communaut\u00e9 de communes du Haut Lignon sont&nbsp;: Le Chambon- sur-Lignon, Le Mazet-Saint-Voy, Tence, Chenereilles, Saint- Jeures, Le Mas de Tence. Une communaut\u00e9 de communes est d\u00e9finie comme un \u00e9tablissement public de coop\u00e9ration intercommunale regroupant plusieurs communes d\u2019un seul tenant et sans enclave. Elle a pour objet [&hellip;]<\/p>\n","protected":false},"author":1,"featured_media":0,"parent":0,"menu_order":0,"comment_status":"closed","ping_status":"closed","template":"","meta":{"ngg_post_thumbnail":0,"footnotes":""},"class_list":["post-860","page","type-page","status-publish","hentry","entry"],"aioseo_notices":[],"jetpack_shortlink":"https:\/\/wp.me\/PadW9w-dS","jetpack_sharing_enabled":true,"jetpack-related-posts":[{"id":624,"url":"https:\/\/mazet-st-voy.com\/?page_id=624","url_meta":{"origin":860,"position":0},"title":"Centre de Loisirs Intercommunal","author":"admin9404","date":"21 ao\u00fbt 2018","format":false,"excerpt":"\u00a0 CENTRE DE LOISIRS INTERCOMMUNAL Le centre de loisirs intercommunal du Haut-Lignon, antenne du Mazet-Saint-Voy, accueille les enfants de 3 ans \u00e0 12 ans. Nous les accueillons pendant les vacances scolaires \u00e0 la journ\u00e9e avec repas, journ\u00e9e sans repas (matin\/apr\u00e8s-midi) ou \u00e0 la demi-journ\u00e9e. Attention\u00a0: les jours de sortie, l\u2019accueil\u2026","rel":"","context":"Article similaire","block_context":{"text":"Article similaire","link":""},"img":{"alt_text":"","src":"","width":0,"height":0},"classes":[]},{"id":613,"url":"https:\/\/mazet-st-voy.com\/?page_id=613","url_meta":{"origin":860,"position":1},"title":"Associations","author":"admin9404","date":"21 ao\u00fbt 2018","format":false,"excerpt":"LE COMIT\u00c9 D'ANIMATION Responsable :\u00a0 La vie associative du Mazet-St-Voy est riche et ultra dynamique. Durant toute l'ann\u00e9e, les associations locales organisent des animations vari\u00e9es : concerts, expositions, repas festifs, spectacles, manifestations sportives... ANIMATIONS R\u00c9GULI\u00c8RES :\u00a0 La Foire du Terroir :\u00a0le premier week-end d'ao\u00fbt, organis\u00e9e par le Comit\u00e9 d'animation. La\u2026","rel":"","context":"Article similaire","block_context":{"text":"Article similaire","link":""},"img":{"alt_text":"","src":"https:\/\/i0.wp.com\/mazet-st-voy.com\/wp-content\/uploads\/2018\/08\/vie-associative-mazet-st-voy.png?resize=350%2C200&ssl=1","width":350,"height":200,"srcset":"https:\/\/i0.wp.com\/mazet-st-voy.com\/wp-content\/uploads\/2018\/08\/vie-associative-mazet-st-voy.png?resize=350%2C200&ssl=1 1x, https:\/\/i0.wp.com\/mazet-st-voy.com\/wp-content\/uploads\/2018\/08\/vie-associative-mazet-st-voy.png?resize=525%2C300&ssl=1 1.5x, https:\/\/i0.wp.com\/mazet-st-voy.com\/wp-content\/uploads\/2018\/08\/vie-associative-mazet-st-voy.png?resize=700%2C400&ssl=1 2x, https:\/\/i0.wp.com\/mazet-st-voy.com\/wp-content\/uploads\/2018\/08\/vie-associative-mazet-st-voy.png?resize=1050%2C600&ssl=1 3x, https:\/\/i0.wp.com\/mazet-st-voy.com\/wp-content\/uploads\/2018\/08\/vie-associative-mazet-st-voy.png?resize=1400%2C800&ssl=1 4x"},"classes":[]},{"id":1420,"url":"https:\/\/mazet-st-voy.com\/?page_id=1420","url_meta":{"origin":860,"position":2},"title":"Sport","author":"admin9404","date":"31 ao\u00fbt 2018","format":false,"excerpt":"BOULE LYONNAISE\u00a0 Amicale des Boulistes\u00a0- \u00a0Pr\u00e9sident :\u00a0Thierry COURT - La Scie de Vacheresse - 43520 Le Mazet-St-Voy 5 Jeux de plein air au Bruas La boule amicale - Buvette - Tel : 04 71 65 01 13 Boulodrome intercommunal (Ouvert de Novembre \u00e0 Avril) :\u00a04 jeux couverts, Zone artisanale -\u2026","rel":"","context":"Article similaire","block_context":{"text":"Article similaire","link":""},"img":{"alt_text":"","src":"https:\/\/i0.wp.com\/mazet-st-voy.com\/wp-content\/uploads\/2018\/09\/Boulodrome.png?resize=350%2C200&ssl=1","width":350,"height":200,"srcset":"https:\/\/i0.wp.com\/mazet-st-voy.com\/wp-content\/uploads\/2018\/09\/Boulodrome.png?resize=350%2C200&ssl=1 1x, https:\/\/i0.wp.com\/mazet-st-voy.com\/wp-content\/uploads\/2018\/09\/Boulodrome.png?resize=525%2C300&ssl=1 1.5x, https:\/\/i0.wp.com\/mazet-st-voy.com\/wp-content\/uploads\/2018\/09\/Boulodrome.png?resize=700%2C400&ssl=1 2x, https:\/\/i0.wp.com\/mazet-st-voy.com\/wp-content\/uploads\/2018\/09\/Boulodrome.png?resize=1050%2C600&ssl=1 3x, https:\/\/i0.wp.com\/mazet-st-voy.com\/wp-content\/uploads\/2018\/09\/Boulodrome.png?resize=1400%2C800&ssl=1 4x"},"classes":[]},{"id":22,"url":"https:\/\/mazet-st-voy.com\/?page_id=22","url_meta":{"origin":860,"position":3},"title":"\u00c9conomie","author":"admin9404","date":"16 ao\u00fbt 2018","format":false,"excerpt":"L'\u00c9CONOMIE Bien qu'elle conserve son caract\u00e8re rural dans un cadre naturel pr\u00e9serv\u00e9, la Commune du Mazet poss\u00e8de une \u00e9conomie diversifi\u00e9e. Autrefois essentiellement agricole, l'activit\u00e9 couvre d\u00e9sormais plusieurs domaines qui alimentent l'emploi local. \u00c0 elles seules, trois entreprises, de m\u00e9canique g\u00e9n\u00e9rale, d'\u00e9lectronique et de construction bois comptent pr\u00e8s de cent collaborateurs.\u2026","rel":"","context":"Article similaire","block_context":{"text":"Article similaire","link":""},"img":{"alt_text":"","src":"https:\/\/i0.wp.com\/mazet-st-voy.com\/wp-content\/uploads\/2023\/04\/garage-LB-scaled.jpg?resize=350%2C200&ssl=1","width":350,"height":200,"srcset":"https:\/\/i0.wp.com\/mazet-st-voy.com\/wp-content\/uploads\/2023\/04\/garage-LB-scaled.jpg?resize=350%2C200&ssl=1 1x, https:\/\/i0.wp.com\/mazet-st-voy.com\/wp-content\/uploads\/2023\/04\/garage-LB-scaled.jpg?resize=525%2C300&ssl=1 1.5x, https:\/\/i0.wp.com\/mazet-st-voy.com\/wp-content\/uploads\/2023\/04\/garage-LB-scaled.jpg?resize=700%2C400&ssl=1 2x, https:\/\/i0.wp.com\/mazet-st-voy.com\/wp-content\/uploads\/2023\/04\/garage-LB-scaled.jpg?resize=1050%2C600&ssl=1 3x, https:\/\/i0.wp.com\/mazet-st-voy.com\/wp-content\/uploads\/2023\/04\/garage-LB-scaled.jpg?resize=1400%2C800&ssl=1 4x"},"classes":[]},{"id":1129,"url":"https:\/\/mazet-st-voy.com\/?page_id=1129","url_meta":{"origin":860,"position":4},"title":"Activit\u00e9s","author":"admin9404","date":"27 ao\u00fbt 2018","format":false,"excerpt":"OFFICE DE TOURISME DU HAUT-LIGNON\u00a0 En toutes saisons la r\u00e9gion offre une multitude d'activit\u00e9s culturelles (expositions, ateliers, concerts, festivals...) et sportives (randonn\u00e9es, VTT, cheval, sports m\u00e9caniques, escalade, p\u00eache, tennis, parcours aventures, neige, golf, paintball,...) Place des Droits de l'Homme - 43 520 Le Mazet-St-Voy T\u00e9l : 04 71 65 07\u2026","rel":"","context":"Article similaire","block_context":{"text":"Article similaire","link":""},"img":{"alt_text":"","src":"","width":0,"height":0},"classes":[]},{"id":707,"url":"https:\/\/mazet-st-voy.com\/?page_id=707","url_meta":{"origin":860,"position":5},"title":"Vie pratique \/ N\u00b0 utiles","author":"admin9404","date":"22 ao\u00fbt 2018","format":false,"excerpt":"VIE PRATIQUE \/ N\u00b0 UTILES Office du Tourisme : 04 71\u00a065 07 32 lemazet@ot-hautlignon.com \u00a0 \u00a0www.ot-hautlignon.com Biblioth\u00e8que municipale : \u00a0 \u00a0 \u00a0 \u00a0\u00a0 04 71 65 09 10 mercredi : \u00a014 h - 18 h. jeudi : \u00a010 h - 12 h. vendredi : 15 h - 18 h. samedi\u2026","rel":"","context":"Article similaire","block_context":{"text":"Article similaire","link":""},"img":{"alt_text":"","src":"","width":0,"height":0},"classes":[]}],"_links":{"self":[{"href":"https:\/\/mazet-st-voy.com\/index.php?rest_route=\/wp\/v2\/pages\/860","targetHints":{"allow":["GET"]}}],"collection":[{"href":"https:\/\/mazet-st-voy.com\/index.php?rest_route=\/wp\/v2\/pages"}],"about":[{"href":"https:\/\/mazet-st-voy.com\/index.php?rest_route=\/wp\/v2\/types\/page"}],"author":[{"embeddable":true,"href":"https:\/\/mazet-st-voy.com\/index.php?rest_route=\/wp\/v2\/users\/1"}],"replies":[{"embeddable":true,"href":"https:\/\/mazet-st-voy.com\/index.php?rest_route=%2Fwp%2Fv2%2Fcomments&post=860"}],"version-history":[{"count":18,"href":"https:\/\/mazet-st-voy.com\/index.php?rest_route=\/wp\/v2\/pages\/860\/revisions"}],"predecessor-version":[{"id":1886,"href":"https:\/\/mazet-st-voy.com\/index.php?rest_route=\/wp\/v2\/pages\/860\/revisions\/1886"}],"wp:attachment":[{"href":"https:\/\/mazet-st-voy.com\/index.php?rest_route=%2Fwp%2Fv2%2Fmedia&parent=860"}],"curies":[{"name":"wp","href":"https:\/\/api.w.org\/{rel}","templated":true}]}}